{"id":14,"date":"2015-09-23T23:31:19","date_gmt":"2015-09-23T23:31:19","guid":{"rendered":"https:\/\/transakcija.si\/old\/wp\/?page_id=14"},"modified":"2024-03-12T20:03:27","modified_gmt":"2024-03-12T19:03:27","slug":"about","status":"publish","type":"page","link":"https:\/\/transakcija.si\/old\/about\/","title":{"rendered":"O TransAkciji"},"content":{"rendered":"<div class=\"mceTemp\"><\/div>\n<div id=\"attachment_7941\" style=\"width: 770px\" class=\"wp-caption alignnone\"><img loading=\"lazy\" decoding=\"async\" aria-describedby=\"caption-attachment-7941\" class=\"size-large wp-image-7941\" src=\"https:\/\/transakcija.si\/old\/wp-content\/uploads\/2024\/01\/IMG_3914-2-1024x576.jpg\" alt=\"\" width=\"760\" height=\"428\" srcset=\"https:\/\/transakcija.si\/old\/wp-content\/uploads\/2024\/01\/IMG_3914-2-1024x576.jpg 1024w, https:\/\/transakcija.si\/old\/wp-content\/uploads\/2024\/01\/IMG_3914-2-300x169.jpg 300w, https:\/\/transakcija.si\/old\/wp-content\/uploads\/2024\/01\/IMG_3914-2-768x432.jpg 768w, https:\/\/transakcija.si\/old\/wp-content\/uploads\/2024\/01\/IMG_3914-2-1536x864.jpg 1536w, https:\/\/transakcija.si\/old\/wp-content\/uploads\/2024\/01\/IMG_3914-2-2048x1152.jpg 2048w\" sizes=\"auto, (max-width: 760px) 100vw, 760px\" \/><p id=\"caption-attachment-7941\" class=\"wp-caption-text\">Foto: Katarina Kolenc<\/p><\/div>\n<p><strong>Zavod Transfeministi\u010dna Iniciativa TransAkcija je prva trans specifi\u010dna organizacija v Sloveniji<\/strong>. TransAkcija<strong><span style=\"font-weight: 400;\">\u00a0je <\/span><\/strong>kvir, trans-specifi\u010dna in transfeministi\u010dna nevladna organizacija<strong><span style=\"font-weight: 400;\">, ki vklju\u010dujo\u010de, transparentno in intersekcionalno dela v podro\u010djih <strong>zagovorni\u0161tva<\/strong>, <strong>socialnega varstva<\/strong>, <strong>informiranja in izobra\u017eevanja<\/strong><\/span><\/strong><span style=\"font-weight: 400;\"> ter<\/span><strong><span style=\"font-weight: 400;\"><strong>\u00a0gradnje skupnosti <\/strong><\/span><\/strong><span style=\"font-weight: 400;\">kvir, trans in drugih oseb spolno nenormativnih identitet in izrazov<\/span><span style=\"font-weight: 400;\">.<\/span><\/p>\n<p><strong>V zavodu smo aktivne trans osebe, ki delamo s trans osebami in za trans osebe.<\/strong><\/p>\n<p>TransAkcija deluje od julija 2014 dalje, prvotno kot neformalni kolektiv, od leta 2015 pa formalno kot nevladna organizacija &#8211; zavod v skladu z Zakonom o nevladnih organizacijah. Ustanovitelja_ici zavoda sta Linn Julian Koletnik in Evan Grm.<\/p>\n<p><span style=\"font-weight: 400;\">Temelj na\u0161ega dela je podpora transspolnih oseb v vseh sferah javnega in zasebnega \u017eivljenja ter spodbujanje trans oseb k na\u010dinom \u017eivljenja, kjer \u017eivijo svojo resnico ter si dovolijo do\u017eivljati (tudi) veselje. <\/span><span style=\"font-weight: 400;\">Transspolnim ter LGBIQ+ osebam in zaveznicam_kom ponujamo raznolik program storitev psiho-socialne podpore kot tudi razne dogodke, produkte, publikacije in projekte, katerih cilji so kriti\u010dno dvigovanje osve\u0161\u010denosti, izobra\u017eevanje in gradnja ter krepitev skupnosti. <\/span><\/p>\n<p>Delujemo za podporo, informiranje, opolnomo\u010denje in zavezni\u0161tvo transspolnih oseb v Sloveniji, na\u0161e klju\u010dno poslanstvo pa je zagovorni\u0161tvo \u010dlovekovih pravic in svobo\u0161\u010din transspolnih in spolno nenormativnih oseb. Prispevamo k vidnosti transspolnih oseb in tematik v javnih dru\u017ebenih prostorih, ter se zavzemamo za pojavljanje diskurza o spolih, spolnih identitetah in spolnih izrazih v slovenski javnosti.<\/p>\n<p><span style=\"font-size: 16px;\">Delujemo v skladu z vrednotami transfeminizma in prepri\u010danjem, da so vse spolne identitete legitimne. Na\u0161e delovanje temelji na na\u010delih intersekcionalnosti, vrednote, ki oblikujejo na\u0161e politi\u010dno delovanje pa so prevpra\u0161evanje dru\u017ebenih norm in razmerij mo\u010di, osebna in kolektivna integriteta, anti-seksizem, anti-rasizem in anti-(trans)mizoginija, anti-biolo\u0161ki esencializem, podpora spolnega dela, depatologizacija du\u0161evnih motenj in vsakr\u0161no drugo dru\u017ebeno anga\u017eirano delovanje, ki prevpra\u0161uje in destabilizira binarne dru\u017ebene sisteme.<\/span><\/p>\n<h4>Kje smo<\/h4>\n<p><strong>Nahajamo se na naslovu <a href=\"https:\/\/www.google.com\/maps\/place\/Trg+prekomorskih+brigad+1,+1000+Ljubljana\/data=!4m2!3m1!1s0x476532b13da2e6eb:0x1ed2295383ebfdbb?sa=X&amp;ved=2ahUKEwjhwKKVx9_tAhUOjaQKHbwLArIQ8gEwAHoECAMQAQ\">Trg prekomorskih brigad 1, 1000 Ljubljana<\/a>.\u00a0<\/strong><strong><br \/>\n<\/strong>Na\u0161a pisarna je v 3. nadstropju, soba \u0161t. 317 &#8211; vhodna vrata vidite takoj, ko izstopite iz dvigala.<br \/>\n\u267f Prostor je dostopen za osebe z razli\u010dnimi zmo\u017enostnimi oz. nekatere osebe, ki uporabljajo vozi\u010dek. Pred stavbo je klan\u010dina, v stavbi pa dvigalo, ki pa je precej majhno. V primeru, da prihajate z vozi\u010dkom nam to prosim sporo\u010dite vnaprej, da lahko skupaj najdemo najbolj\u0161o mo\u017enost za va\u0161 dostop do na\u0161ih storitev oz. programa.<\/p>\n<h4>Kaj po\u010dnemo &#8211; na\u0161e aktivnosti in storitve<\/h4>\n<p>Organiziramo vrsto raznolikih aktivnosti, katerih namen je predvsem ponuditi transspolnim in spolno nenormativnim osebam mo\u017enosti pridobivanja znanj in spretnosti ter krepitve lastne samopodobe in sprejemanja svoje spolne identitete v varnej\u0161ih okoljih ter osve\u0161\u010danje zaveznic_kov o \u017eivljenju, potrebah in pravicah transspolnih in LGBTIQ oseb. Vse podrobnosti o na\u0161ih aktivnostih in storitvah si lahko preberete na zgornji povezavi.<\/p>\n<div id=\"wp-image-7292aligncenter\" style=\"width: 900px\" class=\"wp-caption alignnone\"><img loading=\"lazy\" decoding=\"async\" aria-describedby=\"caption-wp-image-7292aligncenter\" class=\"wp-image-7292\" src=\"https:\/\/transakcija.si\/old\/wp-content\/uploads\/2023\/06\/signal-2023-06-17-17-36-25-073-1-300x172.png\" alt=\"\" width=\"890\" height=\"510\" srcset=\"https:\/\/transakcija.si\/old\/wp-content\/uploads\/2023\/06\/signal-2023-06-17-17-36-25-073-1-300x172.png 300w, https:\/\/transakcija.si\/old\/wp-content\/uploads\/2023\/06\/signal-2023-06-17-17-36-25-073-1-768x439.png 768w, https:\/\/transakcija.si\/old\/wp-content\/uploads\/2023\/06\/signal-2023-06-17-17-36-25-073-1.png 1200w\" sizes=\"auto, (max-width: 890px) 100vw, 890px\" \/><p id=\"caption-wp-image-7292aligncenter\" class=\"wp-caption-text\">TransAkcija na Ljubljanski paradi ponosa 2023<\/p><\/div>\n","protected":false},"excerpt":{"rendered":"<p>Zavod Transfeministi\u010dna Iniciativa TransAkcija je prva trans specifi\u010dna organizacija v Sloveniji. TransAkcija\u00a0je kvir, trans-specifi\u010dna in transfeministi\u010dna nevladna organizacija, ki vklju\u010dujo\u010de, transparentno in intersekcionalno dela v podro\u010djih zagovorni\u0161tva, socialnega varstva, informiranja in izobra\u017eevanja ter\u00a0gradnje skupnosti kvir, trans in drugih oseb spolno nenormativnih identitet in izrazov. V zavodu smo aktivne trans osebe, ki delamo s trans osebami [&hellip;]<\/p>\n","protected":false},"author":18,"featured_media":0,"parent":0,"menu_order":0,"comment_status":"closed","ping_status":"closed","template":"","meta":{"footnotes":""},"class_list":["post-14","page","type-page","status-publish","hentry"],"yoast_head":"<!-- This site is optimized with the Yoast SEO plugin v27.4 - https:\/\/yoast.com\/product\/yoast-seo-wordpress\/ -->\n<title>O TransAkciji<\/title>\n<meta name=\"robots\" content=\"noindex, follow, max-snippet:-1, max-image-preview:large, max-video-preview:-1\" \/>\n<meta property=\"og:locale\" content=\"en_US\" \/>\n<meta property=\"og:type\" content=\"article\" \/>\n<meta property=\"og:title\" content=\"O TransAkciji\" \/>\n<meta property=\"og:description\" content=\"Zavod Transfeministi\u010dna Iniciativa TransAkcija je prva trans specifi\u010dna organizacija v Sloveniji. TransAkcija\u00a0je kvir, trans-specifi\u010dna in transfeministi\u010dna nevladna organizacija, ki vklju\u010dujo\u010de, transparentno in intersekcionalno dela v podro\u010djih zagovorni\u0161tva, socialnega varstva, informiranja in izobra\u017eevanja ter\u00a0gradnje skupnosti kvir, trans in drugih oseb spolno nenormativnih identitet in izrazov. V zavodu smo aktivne trans osebe, ki delamo s trans osebami [&hellip;]\" \/>\n<meta property=\"og:url\" content=\"https:\/\/transakcija.si\/old\/about\/\" \/>\n<meta property=\"og:site_name\" content=\"TransAkcija\" \/>\n<meta property=\"article:modified_time\" content=\"2024-03-12T19:03:27+00:00\" \/>\n<meta property=\"og:image\" content=\"https:\/\/transakcija.si\/old\/wp-content\/uploads\/2024\/01\/IMG_3914-2-1024x576.jpg\" \/>\n<meta name=\"twitter:card\" content=\"summary_large_image\" \/>\n<meta name=\"twitter:label1\" content=\"Est. reading time\" \/>\n\t<meta name=\"twitter:data1\" content=\"3 minutes\" \/>\n<script type=\"application\/ld+json\" class=\"yoast-schema-graph\">{\"@context\":\"https:\\\/\\\/schema.org\",\"@graph\":[{\"@type\":\"WebPage\",\"@id\":\"https:\\\/\\\/transakcija.si\\\/old\\\/about\\\/\",\"url\":\"https:\\\/\\\/transakcija.si\\\/old\\\/about\\\/\",\"name\":\"O TransAkciji\",\"isPartOf\":{\"@id\":\"https:\\\/\\\/transakcija.si\\\/old\\\/#website\"},\"primaryImageOfPage\":{\"@id\":\"https:\\\/\\\/transakcija.si\\\/old\\\/about\\\/#primaryimage\"},\"image\":{\"@id\":\"https:\\\/\\\/transakcija.si\\\/old\\\/about\\\/#primaryimage\"},\"thumbnailUrl\":\"https:\\\/\\\/transakcija.si\\\/old\\\/wp-content\\\/uploads\\\/2024\\\/01\\\/IMG_3914-2-1024x576.jpg\",\"datePublished\":\"2015-09-23T23:31:19+00:00\",\"dateModified\":\"2024-03-12T19:03:27+00:00\",\"breadcrumb\":{\"@id\":\"https:\\\/\\\/transakcija.si\\\/old\\\/about\\\/#breadcrumb\"},\"inLanguage\":\"en-US\",\"potentialAction\":[{\"@type\":\"ReadAction\",\"target\":[\"https:\\\/\\\/transakcija.si\\\/old\\\/about\\\/\"]}]},{\"@type\":\"ImageObject\",\"inLanguage\":\"en-US\",\"@id\":\"https:\\\/\\\/transakcija.si\\\/old\\\/about\\\/#primaryimage\",\"url\":\"https:\\\/\\\/transakcija.si\\\/old\\\/wp-content\\\/uploads\\\/2024\\\/01\\\/IMG_3914-2-scaled.jpg\",\"contentUrl\":\"https:\\\/\\\/transakcija.si\\\/old\\\/wp-content\\\/uploads\\\/2024\\\/01\\\/IMG_3914-2-scaled.jpg\",\"width\":2560,\"height\":1440,\"caption\":\"Foto: Katarina Kolenc\"},{\"@type\":\"BreadcrumbList\",\"@id\":\"https:\\\/\\\/transakcija.si\\\/old\\\/about\\\/#breadcrumb\",\"itemListElement\":[{\"@type\":\"ListItem\",\"position\":1,\"name\":\"Home\",\"item\":\"https:\\\/\\\/transakcija.si\\\/old\\\/\"},{\"@type\":\"ListItem\",\"position\":2,\"name\":\"O TransAkciji\"}]},{\"@type\":\"WebSite\",\"@id\":\"https:\\\/\\\/transakcija.si\\\/old\\\/#website\",\"url\":\"https:\\\/\\\/transakcija.si\\\/old\\\/\",\"name\":\"TransAkcija\",\"description\":\"\",\"publisher\":{\"@id\":\"https:\\\/\\\/transakcija.si\\\/old\\\/#organization\"},\"potentialAction\":[{\"@type\":\"SearchAction\",\"target\":{\"@type\":\"EntryPoint\",\"urlTemplate\":\"https:\\\/\\\/transakcija.si\\\/old\\\/?s={search_term_string}\"},\"query-input\":{\"@type\":\"PropertyValueSpecification\",\"valueRequired\":true,\"valueName\":\"search_term_string\"}}],\"inLanguage\":\"en-US\"},{\"@type\":\"Organization\",\"@id\":\"https:\\\/\\\/transakcija.si\\\/old\\\/#organization\",\"name\":\"TransAkcija\",\"url\":\"https:\\\/\\\/transakcija.si\\\/old\\\/\",\"logo\":{\"@type\":\"ImageObject\",\"inLanguage\":\"en-US\",\"@id\":\"https:\\\/\\\/transakcija.si\\\/old\\\/#\\\/schema\\\/logo\\\/image\\\/\",\"url\":\"https:\\\/\\\/transakcija.si\\\/old\\\/wp-content\\\/uploads\\\/2017\\\/03\\\/logo-l-e1489058897303.png\",\"contentUrl\":\"https:\\\/\\\/transakcija.si\\\/old\\\/wp-content\\\/uploads\\\/2017\\\/03\\\/logo-l-e1489058897303.png\",\"width\":400,\"height\":251,\"caption\":\"TransAkcija\"},\"image\":{\"@id\":\"https:\\\/\\\/transakcija.si\\\/old\\\/#\\\/schema\\\/logo\\\/image\\\/\"}}]}<\/script>\n<!-- \/ Yoast SEO plugin. -->","yoast_head_json":{"title":"O TransAkciji","robots":{"index":"noindex","follow":"follow","max-snippet":"max-snippet:-1","max-image-preview":"max-image-preview:large","max-video-preview":"max-video-preview:-1"},"og_locale":"en_US","og_type":"article","og_title":"O TransAkciji","og_description":"Zavod Transfeministi\u010dna Iniciativa TransAkcija je prva trans specifi\u010dna organizacija v Sloveniji. TransAkcija\u00a0je kvir, trans-specifi\u010dna in transfeministi\u010dna nevladna organizacija, ki vklju\u010dujo\u010de, transparentno in intersekcionalno dela v podro\u010djih zagovorni\u0161tva, socialnega varstva, informiranja in izobra\u017eevanja ter\u00a0gradnje skupnosti kvir, trans in drugih oseb spolno nenormativnih identitet in izrazov. V zavodu smo aktivne trans osebe, ki delamo s trans osebami [&hellip;]","og_url":"https:\/\/transakcija.si\/old\/about\/","og_site_name":"TransAkcija","article_modified_time":"2024-03-12T19:03:27+00:00","og_image":[{"url":"https:\/\/transakcija.si\/old\/wp-content\/uploads\/2024\/01\/IMG_3914-2-1024x576.jpg","type":"","width":"","height":""}],"twitter_card":"summary_large_image","twitter_misc":{"Est. reading time":"3 minutes"},"schema":{"@context":"https:\/\/schema.org","@graph":[{"@type":"WebPage","@id":"https:\/\/transakcija.si\/old\/about\/","url":"https:\/\/transakcija.si\/old\/about\/","name":"O TransAkciji","isPartOf":{"@id":"https:\/\/transakcija.si\/old\/#website"},"primaryImageOfPage":{"@id":"https:\/\/transakcija.si\/old\/about\/#primaryimage"},"image":{"@id":"https:\/\/transakcija.si\/old\/about\/#primaryimage"},"thumbnailUrl":"https:\/\/transakcija.si\/old\/wp-content\/uploads\/2024\/01\/IMG_3914-2-1024x576.jpg","datePublished":"2015-09-23T23:31:19+00:00","dateModified":"2024-03-12T19:03:27+00:00","breadcrumb":{"@id":"https:\/\/transakcija.si\/old\/about\/#breadcrumb"},"inLanguage":"en-US","potentialAction":[{"@type":"ReadAction","target":["https:\/\/transakcija.si\/old\/about\/"]}]},{"@type":"ImageObject","inLanguage":"en-US","@id":"https:\/\/transakcija.si\/old\/about\/#primaryimage","url":"https:\/\/transakcija.si\/old\/wp-content\/uploads\/2024\/01\/IMG_3914-2-scaled.jpg","contentUrl":"https:\/\/transakcija.si\/old\/wp-content\/uploads\/2024\/01\/IMG_3914-2-scaled.jpg","width":2560,"height":1440,"caption":"Foto: Katarina Kolenc"},{"@type":"BreadcrumbList","@id":"https:\/\/transakcija.si\/old\/about\/#breadcrumb","itemListElement":[{"@type":"ListItem","position":1,"name":"Home","item":"https:\/\/transakcija.si\/old\/"},{"@type":"ListItem","position":2,"name":"O TransAkciji"}]},{"@type":"WebSite","@id":"https:\/\/transakcija.si\/old\/#website","url":"https:\/\/transakcija.si\/old\/","name":"TransAkcija","description":"","publisher":{"@id":"https:\/\/transakcija.si\/old\/#organization"},"potentialAction":[{"@type":"SearchAction","target":{"@type":"EntryPoint","urlTemplate":"https:\/\/transakcija.si\/old\/?s={search_term_string}"},"query-input":{"@type":"PropertyValueSpecification","valueRequired":true,"valueName":"search_term_string"}}],"inLanguage":"en-US"},{"@type":"Organization","@id":"https:\/\/transakcija.si\/old\/#organization","name":"TransAkcija","url":"https:\/\/transakcija.si\/old\/","logo":{"@type":"ImageObject","inLanguage":"en-US","@id":"https:\/\/transakcija.si\/old\/#\/schema\/logo\/image\/","url":"https:\/\/transakcija.si\/old\/wp-content\/uploads\/2017\/03\/logo-l-e1489058897303.png","contentUrl":"https:\/\/transakcija.si\/old\/wp-content\/uploads\/2017\/03\/logo-l-e1489058897303.png","width":400,"height":251,"caption":"TransAkcija"},"image":{"@id":"https:\/\/transakcija.si\/old\/#\/schema\/logo\/image\/"}}]}},"_links":{"self":[{"href":"https:\/\/transakcija.si\/old\/wp-json\/wp\/v2\/pages\/14","targetHints":{"allow":["GET"]}}],"collection":[{"href":"https:\/\/transakcija.si\/old\/wp-json\/wp\/v2\/pages"}],"about":[{"href":"https:\/\/transakcija.si\/old\/wp-json\/wp\/v2\/types\/page"}],"author":[{"embeddable":true,"href":"https:\/\/transakcija.si\/old\/wp-json\/wp\/v2\/users\/18"}],"replies":[{"embeddable":true,"href":"https:\/\/transakcija.si\/old\/wp-json\/wp\/v2\/comments?post=14"}],"version-history":[{"count":107,"href":"https:\/\/transakcija.si\/old\/wp-json\/wp\/v2\/pages\/14\/revisions"}],"predecessor-version":[{"id":8130,"href":"https:\/\/transakcija.si\/old\/wp-json\/wp\/v2\/pages\/14\/revisions\/8130"}],"wp:attachment":[{"href":"https:\/\/transakcija.si\/old\/wp-json\/wp\/v2\/media?parent=14"}],"curies":[{"name":"wp","href":"https:\/\/api.w.org\/{rel}","templated":true}]}}