{"id":5723,"date":"2021-11-04T11:11:27","date_gmt":"2021-11-04T10:11:27","guid":{"rendered":"https:\/\/transakcija.si\/old\/?page_id=5723"},"modified":"2021-11-25T12:06:04","modified_gmt":"2021-11-25T11:06:04","slug":"nebinarni-zin","status":"publish","type":"page","link":"https:\/\/transakcija.si\/old\/nebinarni-zin\/","title":{"rendered":"Nebinarni zin"},"content":{"rendered":"<div id=\"attachment_5864\" style=\"width: 752px\" class=\"wp-caption aligncenter\"><img loading=\"lazy\" decoding=\"async\" aria-describedby=\"caption-attachment-5864\" class=\"wp-image-5864 \" src=\"https:\/\/transakcija.si\/old\/wp-content\/uploads\/2021\/11\/nebinarni-zin-cover.jpg\" alt=\"\" width=\"742\" height=\"282\" srcset=\"https:\/\/transakcija.si\/old\/wp-content\/uploads\/2021\/11\/nebinarni-zin-cover.jpg 1950w, https:\/\/transakcija.si\/old\/wp-content\/uploads\/2021\/11\/nebinarni-zin-cover-300x114.jpg 300w, https:\/\/transakcija.si\/old\/wp-content\/uploads\/2021\/11\/nebinarni-zin-cover-1024x389.jpg 1024w, https:\/\/transakcija.si\/old\/wp-content\/uploads\/2021\/11\/nebinarni-zin-cover-768x291.jpg 768w, https:\/\/transakcija.si\/old\/wp-content\/uploads\/2021\/11\/nebinarni-zin-cover-1536x583.jpg 1536w\" sizes=\"auto, (max-width: 742px) 100vw, 742px\" \/><p id=\"caption-attachment-5864\" class=\"wp-caption-text\">Ilustracija in oblikovanje: Nuka Horvat<\/p><\/div>\n<p><em><span class=\"d2edcug0 hpfvmrgz qv66sw1b c1et5uql lr9zc1uh a8c37x1j keod5gw0 nxhoafnm aigsh9s9 d3f4x2em fe6kdd0r mau55g9w c8b282yb iv3no6db jq4qci2q a3bd9o3v b1v8xokw oo9gr5id\" dir=\"auto\">\u201cNebinarnost mi predstavlja vesolje. Prostrano, polno neskon\u010dnih mo\u017enosti, \u010dudovito in \u2013 \u010de se le zares ozre\u0161 \u2013 res prelepo. Isto\u010dasno pa je tako neskon\u010dno, da je za mnoge nedojemljivo in stra\u0161no.\u201d<\/span><\/em><\/p>\n<p style=\"text-align: center;\"><strong>Z veseljem predstavljamo kolaborativni, skupnostni<\/strong><\/p>\n<h4 style=\"text-align: center;\"><a href=\"https:\/\/www.yumpu.com\/xx\/document\/view\/66004597\/nebinarni-zin\"><strong> Nebinarni zin<\/strong><\/a><\/h4>\n<p><span class=\"d2edcug0 hpfvmrgz qv66sw1b c1et5uql lr9zc1uh a8c37x1j keod5gw0 nxhoafnm aigsh9s9 d3f4x2em fe6kdd0r mau55g9w c8b282yb iv3no6db jq4qci2q a3bd9o3v b1v8xokw oo9gr5id\" dir=\"auto\">Nebinarni zin smo pri TransAkciji soustvarile_i s \u0161tevilnimi (ve\u010d kot \u0161tiridesetimi!) nebinarnimi osebami in kot tak predstavlja kolaborativen, skupnostni izdelek ter s tem prvo tak\u0161no publikacijo o nebinarnih temah v Sloveniji. Namen zina je skozi ustvarjanje nebinarnih oseb samih predstaviti in razmi\u0161ljati o do\u017eivljanju nebinarnosti in vseh tem, povezanih z \u017eivljenjem nebinarnih oseb. Zin je izdelek, ki je nastal v sklopu tematskega sklopa leta 2021 &#8211; teme nebinarnosti.<\/span><\/p>\n<p><script src=\"https:\/\/players.yumpu.com\/hub.js\"> <\/script><\/p>\n<div id=\"yumpuMagazineContainer\" style=\"width: 620px; height: 566px;\"><\/div>\n<p><script>\nvar myYumpu = new Yumpu();\nmyYumpu.create_player(\"#yumpuMagazineContainer\", \"\", { lang:\"en\", embed_id:\"vJhDPQuAy51BIL7S\", embedded:true } );\n<\/script><\/p>\n<p>Nebinarni zin je sprehod skozi razli\u010dne teme &#8211; od tega, kako razli\u010dne osebe do\u017eivljamo svojo nebinarnost, jezik, coming out, tranzicijo, telo, razmerja, du\u0161evno zdravje, do slovar\u010dka z definicijami. Ker ne verjamemo, da ima katerokoli vpra\u0161anje, povezano z nebinarnostjo le en odgovor, smo s pomo\u010djo kratkega spletnega vpra\u0161alnika zbrale_i odgovore in razmi\u0161ljanja ve\u010d kot 30 nebinarnih oseb v Sloveniji, razmi\u0161ljanja, ki se skozi ves zin prepletajo s prispevki. Le tak\u0161no nebinarno ve\u010dglasje namre\u010d lahko ponazori kompleksnost in raznolikost nebinarnosti in nebinarnih oseb.<\/p>\n<p>Hvala vsem, ki ste poslale_i svoje prispevke in vsem, ki ste re\u0161ile_i spletni vpra\u0161alnik za nebinarne osebe. S tem ste prispevale_i k prvi nebinarni publikaciji v sloven\u0161\u010dini, ki pri\u010da o nebinarni raznolikosti in ustvarjalnosti!<\/p>\n<p><strong>Zin je na voljo v <a href=\"https:\/\/transakcija.si\/old\/wp-content\/uploads\/2021\/11\/Nebinarni-zin_2021.pdf\">pdf formatu<\/a>\u00a0ter <a href=\"https:\/\/www.yumpu.com\/xx\/document\/view\/66004597\/nebinarni-zin\">spletnem bralniku<\/a> (tukaj je kakovost bolj\u0161a).<\/strong><\/p>\n<p><strong>Uredni\u0161tvo:\u00a0<\/strong>Zavod TransAkcija<br \/>\n<strong>Avtorice_ji: <\/strong>Nebinarne osebe v Sloveniji<br \/>\n<strong>Naslovna ilustracija: <\/strong>Nuka Horvat<br \/>\n<strong>Oblikovanje: <\/strong>Nuka Horvat<\/p>\n<p>Ljubljana, november 2021<\/p>\n<p>******************************************************************************************<br \/>\nPublikacijo so omogo\u010dile_i\u00a0<a class=\"profileLink\" href=\"https:\/\/www.facebook.com\/AstraeaLFJ\/?__tn__=K-R&amp;eid=ARDkacSvDb_e1TxXGxrPwL8npAGyNFfxX3KCN4-b80oPn0oY_vjTxB-d00JGiJenNVdyRzf2iJQ6zmlf&amp;fref=mentions&amp;__xts__%5B0%5D=68.ARAp477obkyoGmjgMgHZlXS5PBEVE6bcRnYrGTOWR0teDbXf1LWMa9uea31-VOIYA49VBph29xuzXWNoTAWZkhwnmQmOAWeBQFPS2DMCl9GGO4DwaHfMc9Tvr3C6v2xZ4c5my3R7_qts2pKNbZz-62q53gLqms-5Ih2oNIgGB88qoDbHL174ywhYmTQ2pfyMQXG7IFy3h-pApvm0vSpulkbOV053gojiSfH5bO6Yl8Cc2P6-04xmq6pFzSnKyXA7fZkaoSqDS5ygE1f_Z3NF5i6fHyAU9mvZ-a0JC4-ZUsyDJX4v4J0_cUf4rh1WO7LF2_BacB_lt5TAJHL4bDwni_eLNw\" data-hovercard=\"\/ajax\/hovercard\/page.php?id=180888133200&amp;extragetparams=%7B%22__tn__%22%3A%22%2CdK-R-R%22%2C%22eid%22%3A%22ARDkacSvDb_e1TxXGxrPwL8npAGyNFfxX3KCN4-b80oPn0oY_vjTxB-d00JGiJenNVdyRzf2iJQ6zmlf%22%2C%22fref%22%3A%22mentions%22%7D\" data-hovercard-prefer-more-content-show=\"1\">Astraea Lesbian Foundation for Justice<\/a>,\u00a0<a class=\"profileLink\" href=\"https:\/\/www.facebook.com\/mamacashfund\/?__tn__=K-R&amp;eid=ARBmwROZXnVAw-_GhWTptiX9weQn5fKSUifjyfGoa2-lg8lxT3hCNabmUmaCidDCZVu9uzqzUlNCxme3&amp;fref=mentions&amp;__xts__%5B0%5D=68.ARAp477obkyoGmjgMgHZlXS5PBEVE6bcRnYrGTOWR0teDbXf1LWMa9uea31-VOIYA49VBph29xuzXWNoTAWZkhwnmQmOAWeBQFPS2DMCl9GGO4DwaHfMc9Tvr3C6v2xZ4c5my3R7_qts2pKNbZz-62q53gLqms-5Ih2oNIgGB88qoDbHL174ywhYmTQ2pfyMQXG7IFy3h-pApvm0vSpulkbOV053gojiSfH5bO6Yl8Cc2P6-04xmq6pFzSnKyXA7fZkaoSqDS5ygE1f_Z3NF5i6fHyAU9mvZ-a0JC4-ZUsyDJX4v4J0_cUf4rh1WO7LF2_BacB_lt5TAJHL4bDwni_eLNw\" data-hovercard=\"\/ajax\/hovercard\/page.php?id=126052760507&amp;extragetparams=%7B%22__tn__%22%3A%22%2CdK-R-R%22%2C%22eid%22%3A%22ARBmwROZXnVAw-_GhWTptiX9weQn5fKSUifjyfGoa2-lg8lxT3hCNabmUmaCidDCZVu9uzqzUlNCxme3%22%2C%22fref%22%3A%22mentions%22%7D\" data-hovercard-prefer-more-content-show=\"1\">Mama Cash<\/a>,\u00a0<a class=\"profileLink\" href=\"https:\/\/www.facebook.com\/InternationalTransFund\/?__tn__=K-R&amp;eid=ARC0U1ajXRf5EOSz2sVsVBNPgZw59NOzh9RlUOkHYLpF2qjqgSp03exvyb2mpCuRQ1CcSfunC5Ljk_Mq&amp;fref=mentions&amp;__xts__%5B0%5D=68.ARAp477obkyoGmjgMgHZlXS5PBEVE6bcRnYrGTOWR0teDbXf1LWMa9uea31-VOIYA49VBph29xuzXWNoTAWZkhwnmQmOAWeBQFPS2DMCl9GGO4DwaHfMc9Tvr3C6v2xZ4c5my3R7_qts2pKNbZz-62q53gLqms-5Ih2oNIgGB88qoDbHL174ywhYmTQ2pfyMQXG7IFy3h-pApvm0vSpulkbOV053gojiSfH5bO6Yl8Cc2P6-04xmq6pFzSnKyXA7fZkaoSqDS5ygE1f_Z3NF5i6fHyAU9mvZ-a0JC4-ZUsyDJX4v4J0_cUf4rh1WO7LF2_BacB_lt5TAJHL4bDwni_eLNw\" data-hovercard=\"\/ajax\/hovercard\/page.php?id=946948662090314&amp;extragetparams=%7B%22__tn__%22%3A%22%2CdK-R-R%22%2C%22eid%22%3A%22ARC0U1ajXRf5EOSz2sVsVBNPgZw59NOzh9RlUOkHYLpF2qjqgSp03exvyb2mpCuRQ1CcSfunC5Ljk_Mq%22%2C%22fref%22%3A%22mentions%22%7D\" data-hovercard-prefer-more-content-show=\"1\">International Trans Fund<\/a>\u00a0in\u00a0<a class=\"profileLink\" href=\"https:\/\/www.facebook.com\/MOLjubljana\/?__tn__=K-R&amp;eid=ARCdFTfD2Em09PopkYu1lBR9Je_FBs-spMk6j4PLVr70Pj0U1oHFt3UMS_hPvktphFdcZ1wBszPjDA8f&amp;fref=mentions&amp;__xts__%5B0%5D=68.ARAp477obkyoGmjgMgHZlXS5PBEVE6bcRnYrGTOWR0teDbXf1LWMa9uea31-VOIYA49VBph29xuzXWNoTAWZkhwnmQmOAWeBQFPS2DMCl9GGO4DwaHfMc9Tvr3C6v2xZ4c5my3R7_qts2pKNbZz-62q53gLqms-5Ih2oNIgGB88qoDbHL174ywhYmTQ2pfyMQXG7IFy3h-pApvm0vSpulkbOV053gojiSfH5bO6Yl8Cc2P6-04xmq6pFzSnKyXA7fZkaoSqDS5ygE1f_Z3NF5i6fHyAU9mvZ-a0JC4-ZUsyDJX4v4J0_cUf4rh1WO7LF2_BacB_lt5TAJHL4bDwni_eLNw\" data-hovercard=\"\/ajax\/hovercard\/page.php?id=493370747373441&amp;extragetparams=%7B%22__tn__%22%3A%22%2CdK-R-R%22%2C%22eid%22%3A%22ARCdFTfD2Em09PopkYu1lBR9Je_FBs-spMk6j4PLVr70Pj0U1oHFt3UMS_hPvktphFdcZ1wBszPjDA8f%22%2C%22fref%22%3A%22mentions%22%7D\" data-hovercard-prefer-more-content-show=\"1\">Mestna ob\u010dina Ljubljana<\/a>.<\/p>\n","protected":false},"excerpt":{"rendered":"<p>\u201cNebinarnost mi predstavlja vesolje. Prostrano, polno neskon\u010dnih mo\u017enosti, \u010dudovito in \u2013 \u010de se le zares ozre\u0161 \u2013 res prelepo. Isto\u010dasno pa je tako neskon\u010dno, da je za mnoge nedojemljivo in stra\u0161no.\u201d Z veseljem predstavljamo kolaborativni, skupnostni Nebinarni zin Nebinarni zin smo pri TransAkciji soustvarile_i s \u0161tevilnimi (ve\u010d kot \u0161tiridesetimi!) nebinarnimi osebami in kot tak predstavlja [&hellip;]<\/p>\n","protected":false},"author":18,"featured_media":0,"parent":0,"menu_order":0,"comment_status":"closed","ping_status":"closed","template":"","meta":{"footnotes":""},"class_list":["post-5723","page","type-page","status-publish","hentry"],"yoast_head":"<!-- This site is optimized with the Yoast SEO plugin v27.4 - https:\/\/yoast.com\/product\/yoast-seo-wordpress\/ -->\n<title>Nebinarni zin<\/title>\n<meta name=\"robots\" content=\"noindex, follow, max-snippet:-1, max-image-preview:large, max-video-preview:-1\" \/>\n<meta property=\"og:locale\" content=\"en_US\" \/>\n<meta property=\"og:type\" content=\"article\" \/>\n<meta property=\"og:title\" content=\"Nebinarni zin\" \/>\n<meta property=\"og:description\" content=\"\u201cNebinarnost mi predstavlja vesolje. Prostrano, polno neskon\u010dnih mo\u017enosti, \u010dudovito in \u2013 \u010de se le zares ozre\u0161 \u2013 res prelepo. Isto\u010dasno pa je tako neskon\u010dno, da je za mnoge nedojemljivo in stra\u0161no.\u201d Z veseljem predstavljamo kolaborativni, skupnostni Nebinarni zin Nebinarni zin smo pri TransAkciji soustvarile_i s \u0161tevilnimi (ve\u010d kot \u0161tiridesetimi!) nebinarnimi osebami in kot tak predstavlja [&hellip;]\" \/>\n<meta property=\"og:url\" content=\"https:\/\/transakcija.si\/old\/nebinarni-zin\/\" \/>\n<meta property=\"og:site_name\" content=\"TransAkcija\" \/>\n<meta property=\"article:modified_time\" content=\"2021-11-25T11:06:04+00:00\" \/>\n<meta property=\"og:image\" content=\"https:\/\/transakcija.si\/old\/wp-content\/uploads\/2021\/11\/nebinarni-zin-cover.jpg\" \/>\n<meta name=\"twitter:card\" content=\"summary_large_image\" \/>\n<meta name=\"twitter:label1\" content=\"Est. reading time\" \/>\n\t<meta name=\"twitter:data1\" content=\"2 minutes\" \/>\n<script type=\"application\/ld+json\" class=\"yoast-schema-graph\">{\"@context\":\"https:\\\/\\\/schema.org\",\"@graph\":[{\"@type\":\"WebPage\",\"@id\":\"https:\\\/\\\/transakcija.si\\\/old\\\/nebinarni-zin\\\/\",\"url\":\"https:\\\/\\\/transakcija.si\\\/old\\\/nebinarni-zin\\\/\",\"name\":\"Nebinarni zin\",\"isPartOf\":{\"@id\":\"https:\\\/\\\/transakcija.si\\\/old\\\/#website\"},\"primaryImageOfPage\":{\"@id\":\"https:\\\/\\\/transakcija.si\\\/old\\\/nebinarni-zin\\\/#primaryimage\"},\"image\":{\"@id\":\"https:\\\/\\\/transakcija.si\\\/old\\\/nebinarni-zin\\\/#primaryimage\"},\"thumbnailUrl\":\"https:\\\/\\\/transakcija.si\\\/old\\\/wp-content\\\/uploads\\\/2021\\\/11\\\/nebinarni-zin-cover.jpg\",\"datePublished\":\"2021-11-04T10:11:27+00:00\",\"dateModified\":\"2021-11-25T11:06:04+00:00\",\"breadcrumb\":{\"@id\":\"https:\\\/\\\/transakcija.si\\\/old\\\/nebinarni-zin\\\/#breadcrumb\"},\"inLanguage\":\"en-US\",\"potentialAction\":[{\"@type\":\"ReadAction\",\"target\":[\"https:\\\/\\\/transakcija.si\\\/old\\\/nebinarni-zin\\\/\"]}]},{\"@type\":\"ImageObject\",\"inLanguage\":\"en-US\",\"@id\":\"https:\\\/\\\/transakcija.si\\\/old\\\/nebinarni-zin\\\/#primaryimage\",\"url\":\"https:\\\/\\\/transakcija.si\\\/old\\\/wp-content\\\/uploads\\\/2021\\\/11\\\/nebinarni-zin-cover.jpg\",\"contentUrl\":\"https:\\\/\\\/transakcija.si\\\/old\\\/wp-content\\\/uploads\\\/2021\\\/11\\\/nebinarni-zin-cover.jpg\",\"width\":1950,\"height\":740},{\"@type\":\"BreadcrumbList\",\"@id\":\"https:\\\/\\\/transakcija.si\\\/old\\\/nebinarni-zin\\\/#breadcrumb\",\"itemListElement\":[{\"@type\":\"ListItem\",\"position\":1,\"name\":\"Home\",\"item\":\"https:\\\/\\\/transakcija.si\\\/old\\\/\"},{\"@type\":\"ListItem\",\"position\":2,\"name\":\"Nebinarni zin\"}]},{\"@type\":\"WebSite\",\"@id\":\"https:\\\/\\\/transakcija.si\\\/old\\\/#website\",\"url\":\"https:\\\/\\\/transakcija.si\\\/old\\\/\",\"name\":\"TransAkcija\",\"description\":\"\",\"publisher\":{\"@id\":\"https:\\\/\\\/transakcija.si\\\/old\\\/#organization\"},\"potentialAction\":[{\"@type\":\"SearchAction\",\"target\":{\"@type\":\"EntryPoint\",\"urlTemplate\":\"https:\\\/\\\/transakcija.si\\\/old\\\/?s={search_term_string}\"},\"query-input\":{\"@type\":\"PropertyValueSpecification\",\"valueRequired\":true,\"valueName\":\"search_term_string\"}}],\"inLanguage\":\"en-US\"},{\"@type\":\"Organization\",\"@id\":\"https:\\\/\\\/transakcija.si\\\/old\\\/#organization\",\"name\":\"TransAkcija\",\"url\":\"https:\\\/\\\/transakcija.si\\\/old\\\/\",\"logo\":{\"@type\":\"ImageObject\",\"inLanguage\":\"en-US\",\"@id\":\"https:\\\/\\\/transakcija.si\\\/old\\\/#\\\/schema\\\/logo\\\/image\\\/\",\"url\":\"https:\\\/\\\/transakcija.si\\\/old\\\/wp-content\\\/uploads\\\/2017\\\/03\\\/logo-l-e1489058897303.png\",\"contentUrl\":\"https:\\\/\\\/transakcija.si\\\/old\\\/wp-content\\\/uploads\\\/2017\\\/03\\\/logo-l-e1489058897303.png\",\"width\":400,\"height\":251,\"caption\":\"TransAkcija\"},\"image\":{\"@id\":\"https:\\\/\\\/transakcija.si\\\/old\\\/#\\\/schema\\\/logo\\\/image\\\/\"}}]}<\/script>\n<!-- \/ Yoast SEO plugin. -->","yoast_head_json":{"title":"Nebinarni zin","robots":{"index":"noindex","follow":"follow","max-snippet":"max-snippet:-1","max-image-preview":"max-image-preview:large","max-video-preview":"max-video-preview:-1"},"og_locale":"en_US","og_type":"article","og_title":"Nebinarni zin","og_description":"\u201cNebinarnost mi predstavlja vesolje. Prostrano, polno neskon\u010dnih mo\u017enosti, \u010dudovito in \u2013 \u010de se le zares ozre\u0161 \u2013 res prelepo. Isto\u010dasno pa je tako neskon\u010dno, da je za mnoge nedojemljivo in stra\u0161no.\u201d Z veseljem predstavljamo kolaborativni, skupnostni Nebinarni zin Nebinarni zin smo pri TransAkciji soustvarile_i s \u0161tevilnimi (ve\u010d kot \u0161tiridesetimi!) nebinarnimi osebami in kot tak predstavlja [&hellip;]","og_url":"https:\/\/transakcija.si\/old\/nebinarni-zin\/","og_site_name":"TransAkcija","article_modified_time":"2021-11-25T11:06:04+00:00","og_image":[{"url":"https:\/\/transakcija.si\/old\/wp-content\/uploads\/2021\/11\/nebinarni-zin-cover.jpg","type":"","width":"","height":""}],"twitter_card":"summary_large_image","twitter_misc":{"Est. reading time":"2 minutes"},"schema":{"@context":"https:\/\/schema.org","@graph":[{"@type":"WebPage","@id":"https:\/\/transakcija.si\/old\/nebinarni-zin\/","url":"https:\/\/transakcija.si\/old\/nebinarni-zin\/","name":"Nebinarni zin","isPartOf":{"@id":"https:\/\/transakcija.si\/old\/#website"},"primaryImageOfPage":{"@id":"https:\/\/transakcija.si\/old\/nebinarni-zin\/#primaryimage"},"image":{"@id":"https:\/\/transakcija.si\/old\/nebinarni-zin\/#primaryimage"},"thumbnailUrl":"https:\/\/transakcija.si\/old\/wp-content\/uploads\/2021\/11\/nebinarni-zin-cover.jpg","datePublished":"2021-11-04T10:11:27+00:00","dateModified":"2021-11-25T11:06:04+00:00","breadcrumb":{"@id":"https:\/\/transakcija.si\/old\/nebinarni-zin\/#breadcrumb"},"inLanguage":"en-US","potentialAction":[{"@type":"ReadAction","target":["https:\/\/transakcija.si\/old\/nebinarni-zin\/"]}]},{"@type":"ImageObject","inLanguage":"en-US","@id":"https:\/\/transakcija.si\/old\/nebinarni-zin\/#primaryimage","url":"https:\/\/transakcija.si\/old\/wp-content\/uploads\/2021\/11\/nebinarni-zin-cover.jpg","contentUrl":"https:\/\/transakcija.si\/old\/wp-content\/uploads\/2021\/11\/nebinarni-zin-cover.jpg","width":1950,"height":740},{"@type":"BreadcrumbList","@id":"https:\/\/transakcija.si\/old\/nebinarni-zin\/#breadcrumb","itemListElement":[{"@type":"ListItem","position":1,"name":"Home","item":"https:\/\/transakcija.si\/old\/"},{"@type":"ListItem","position":2,"name":"Nebinarni zin"}]},{"@type":"WebSite","@id":"https:\/\/transakcija.si\/old\/#website","url":"https:\/\/transakcija.si\/old\/","name":"TransAkcija","description":"","publisher":{"@id":"https:\/\/transakcija.si\/old\/#organization"},"potentialAction":[{"@type":"SearchAction","target":{"@type":"EntryPoint","urlTemplate":"https:\/\/transakcija.si\/old\/?s={search_term_string}"},"query-input":{"@type":"PropertyValueSpecification","valueRequired":true,"valueName":"search_term_string"}}],"inLanguage":"en-US"},{"@type":"Organization","@id":"https:\/\/transakcija.si\/old\/#organization","name":"TransAkcija","url":"https:\/\/transakcija.si\/old\/","logo":{"@type":"ImageObject","inLanguage":"en-US","@id":"https:\/\/transakcija.si\/old\/#\/schema\/logo\/image\/","url":"https:\/\/transakcija.si\/old\/wp-content\/uploads\/2017\/03\/logo-l-e1489058897303.png","contentUrl":"https:\/\/transakcija.si\/old\/wp-content\/uploads\/2017\/03\/logo-l-e1489058897303.png","width":400,"height":251,"caption":"TransAkcija"},"image":{"@id":"https:\/\/transakcija.si\/old\/#\/schema\/logo\/image\/"}}]}},"_links":{"self":[{"href":"https:\/\/transakcija.si\/old\/wp-json\/wp\/v2\/pages\/5723","targetHints":{"allow":["GET"]}}],"collection":[{"href":"https:\/\/transakcija.si\/old\/wp-json\/wp\/v2\/pages"}],"about":[{"href":"https:\/\/transakcija.si\/old\/wp-json\/wp\/v2\/types\/page"}],"author":[{"embeddable":true,"href":"https:\/\/transakcija.si\/old\/wp-json\/wp\/v2\/users\/18"}],"replies":[{"embeddable":true,"href":"https:\/\/transakcija.si\/old\/wp-json\/wp\/v2\/comments?post=5723"}],"version-history":[{"count":4,"href":"https:\/\/transakcija.si\/old\/wp-json\/wp\/v2\/pages\/5723\/revisions"}],"predecessor-version":[{"id":5878,"href":"https:\/\/transakcija.si\/old\/wp-json\/wp\/v2\/pages\/5723\/revisions\/5878"}],"wp:attachment":[{"href":"https:\/\/transakcija.si\/old\/wp-json\/wp\/v2\/media?parent=5723"}],"curies":[{"name":"wp","href":"https:\/\/api.w.org\/{rel}","templated":true}]}}