{"id":5966,"date":"2022-01-19T15:56:29","date_gmt":"2022-01-19T14:56:29","guid":{"rendered":"https:\/\/transakcija.si\/old\/?page_id=5966"},"modified":"2024-02-26T12:53:40","modified_gmt":"2024-02-26T11:53:40","slug":"transakcijina-binder-shema","status":"publish","type":"page","link":"https:\/\/transakcija.si\/old\/transakcijina-binder-shema\/","title":{"rendered":"Binder shema"},"content":{"rendered":"<div>\n<p>Namen na\u0161e binder sheme je preprost; \u017eelimo, da \u010dim ve\u010d oseb, ki potrebujejo varen binder, do njega lahko tudi na \u010dim bolj dostopen, \u010dim hitrej\u0161i in \u010dimbolj varen na\u010din pridejo.<\/p>\n<p><strong><em>Na\u0161a shema deluje po principu skupnostne solidarnost;<\/em><\/strong> <em>vsako osebo prosimo, naj se iskreno in odgovorno odlo\u010da glede lastnih finan\u010dnih zmo\u017enosti in na podlagi tega sprejme odlo\u010ditev kateri na\u010din sodelovanja v binder shemi je zanj_o najbolj primeren.<br \/>\nVsem, ki si binderjev finan\u010dno ne morete zagotoviti, vam jih bomo sr\u010dno poskusile_i pridobiti.<br \/>\nVse_i, ki pa si binderje finan\u010dno lahko privo\u0161\u010dite, potrebujete pa podporo pri nakupu in dostavi prosimo, da se odlo\u010dite za nakup preko na\u0161e sheme.\u00a0<\/em><\/p>\n<h4>Kako deluje binder shema?<\/h4>\n<p><img loading=\"lazy\" decoding=\"async\" class=\"aligncenter wp-image-6027\" src=\"https:\/\/transakcija.si\/old\/wp-content\/uploads\/2022\/01\/TransAkcijina-binder-shema-14.jpg\" alt=\"\" width=\"447\" height=\"447\" srcset=\"https:\/\/transakcija.si\/old\/wp-content\/uploads\/2022\/01\/TransAkcijina-binder-shema-14.jpg 1080w, https:\/\/transakcija.si\/old\/wp-content\/uploads\/2022\/01\/TransAkcijina-binder-shema-14-300x300.jpg 300w, https:\/\/transakcija.si\/old\/wp-content\/uploads\/2022\/01\/TransAkcijina-binder-shema-14-1024x1024.jpg 1024w, https:\/\/transakcija.si\/old\/wp-content\/uploads\/2022\/01\/TransAkcijina-binder-shema-14-768x768.jpg 768w\" sizes=\"auto, (max-width: 447px) 100vw, 447px\" \/><\/p>\n<p><strong>V sklopu na\u0161e binder sheme lahko:<\/strong><\/p>\n<h4><strong> \u2192 Dobi\u0161 binder<\/strong><\/h4>\n<\/div>\n<p>Pri TransAkciji se trudimo pridobiti \u010dim ve\u010d binderjev, ki jih lahko podarimo osebam, ki jih potrebujejo.<\/p>\n<p><strong><em>Potrebuje\u0161 binder?<\/em><\/strong><br \/>\nSi sam_a ne more\u0161 privo\u0161\u010diti nakupa varnega binderja? Pi\u0161i nam na <a href=\"mailto:nuka.horvat@transakcija.si\">nuka.horvat@transakcija.si<\/a>, sporo\u010di nam kak\u0161en binder i\u0161\u010de\u0161 (velikost, znamka, &#8230;) in ti bomo javile_i ali imamo trenutno na zalogi binder, ki bi ti ustrezal.<\/p>\n<p><strong><em>\u017deli\u0161 poskusiti binder?\u00a0<\/em><\/strong><br \/>\nV na\u0161em prostoru na <a href=\"https:\/\/www.openstreetmap.org\/?mlat=46.06930&amp;mlon=14.48909#map=19\/46.06930\/14.48909\">Trgu prekomorskih brigad 1<\/a> lahko binderje pride\u0161 pogledati in poskusiti, da bo\u0161 prepri\u010dan_a, a je dolo\u010dena velikost in model pravilna zate.<\/p>\n<p><em><strong>Katera velikost binderja je prava zate?<br \/>\n<\/strong><\/em>Zelo pomembno je, da je binder pravilne velikosti zate.\u00a0Me_i imamo ve\u010dino binderjev od <a href=\"https:\/\/www.gc2b.co\/\"><strong>gc2b.<\/strong><\/a>\u00a0priporo\u010damo uporabo njihovih <a href=\"https:\/\/www.gc2b.co\/pages\/sizing\"><strong>navodil za meritve<\/strong><\/a> in <strong><a href=\"https:\/\/www.youtube.com\/watch?v=qRVPos4o51A&amp;t=1s&amp;ab_channel=Gc2b\">ogled videa, kako se oseba lahko izmeri sam_a<\/a><\/strong>.<\/p>\n<p>&nbsp;<\/p>\n<div>\n<h4><strong>\u2192 Donira\u0161 binder<\/strong><\/h4>\n<p>Ima\u0161 odve\u010den binder, za katerega \u017eeli\u0161, da pride k nekomu, ki ga potrebuje? Si imel_a zgornjo operacijo in binderja ve\u010d ne potrebuje\u0161? Ima\u0161 kak\u0161en binder v velikosti, ki ti ne ustreza?<strong><br \/>\n<\/strong><\/p>\n<p>Z veseljem sprejemamo tako nove kot rabljene binderje, dokler je njihovo stanje tak\u0161no, da omogo\u010dajo varno uporabo.<\/p>\n<p><strong>Binder nam lahko donira\u0161:<\/strong><\/p>\n<ul>\n<li><strong>v na\u0161em prostoru<br \/>\n<\/strong>Pi\u0161i nam na <a href=\"mailto:nuka.horvat@transakcija.si\">nuka.horvat@transakcija.si<\/a>\u00a0in dogovorile_i se za \u010das, ko se lahko oglasi\u0161 pri nas in podari\u0161 binder. Prepri\u010dane_i smo, da bo\u0161 v na\u0161i pisarni na\u0161el_a tudi kaj zase (zini, publikacije, nalepke, zna\u010dke, nakit, kondomi, itd.)<\/li>\n<li><strong><strong><strong><strong>na <a href=\"https:\/\/transakcija.si\/old\/aktivnosti-in-dejavnosti\/plac-zate\/\">Placu zate<\/a>\u00a0<\/strong><\/strong><\/strong><\/strong><\/li>\n<li><strong>po po\u0161ti na naslov:<\/strong><br \/>\nZavod TransAkcija<br \/>\nEndliherjeva 10<br \/>\n1000 Ljubljana<\/li>\n<\/ul>\n<h4><\/h4>\n<h4><strong>\u2192 Kupi\u0161 binder<\/strong><\/h4>\n<\/div>\n<p>Na\u0161a binder shema omogo\u010da, da preko nas na svoje stro\u0161ke varno kupi\u0161 binder.<\/p>\n<p>Na nas se obra\u010da veliko oseb, ki imajo denar za nakup binderja, ne pa tudi kreditne kartice in\/ali naslova, kamor bi bilo varno, da si binder naro\u010dijo. Si v tak\u0161ni situaciji tudi ti?<\/p>\n<p>Pi\u0161i nam na <a href=\"mailto:nuka.horvat@transakcija.si\">nuka.horvat@transakcija.si<\/a>, sporo\u010di nam kateri binder si \u017eeli\u0161 naro\u010diti (podatki, ki jih potrebujemo so velikost, barva, model) in dogovorile_i se bomo glede nakupa. Binderje bomo naro\u010dale_i pri <a href=\"https:\/\/www.gc2b.co\/\">gc2b<\/a>\u00a0ali <a href=\"https:\/\/spectrumoutfitters.co.uk\">Spectrum Outfitters,<\/a> velikost binderja, ki je prava zate, pa najde\u0161 s pomo\u010djo njihovih <a href=\"https:\/\/www.gc2b.co\/pages\/sizing\">navodil za meritev<\/a>.<\/p>\n<p>Binderje bomo na\u010deloma naro\u010dale_i 3-krat letno &#8211; namen tega je, da se nabere nekaj naro\u010dil in s tem zni\u017eajo stro\u0161ki po\u0161iljanja. V primeru, da se ti zelo mudi in ti ni problem kriti celotnih stro\u0161kov po\u0161iljanja, pa seveda lahko binder zate naro\u010dimo tudi prej.<\/p>\n<p><em><strong>Prosimo, da se za nakup odlo\u010date le, \u010de imate resne namene za nakup in sredstva zanj.<\/strong><\/em><\/p>\n<p>Ko se odlo\u010dite za nakup preko binder sheme, vam bomo sporo\u010dile_i datum naro\u010danja in prosile_i, da na na\u0161 TRR pred tem naka\u017eete enako vsoto, kot je vrednost binderja, ki ga \u017eelite. \u010ce vam je to neizvedljivo, se lahko dogovorimo za najprej razpolovljeno vsoto, preostanek pa, ko binder prispe.<\/p>\n<p class=\"p1\"><strong>Nakazilo na transakcijski ra\u010dun:<\/strong><\/p>\n<table>\n<tbody>\n<tr>\n<td><strong>Naziv:<\/strong><\/td>\n<td>Zavod TransAkcija<\/td>\n<\/tr>\n<tr>\n<td><b>Naslov:<\/b><\/td>\n<td>Endliherjeva 10, 1000 Ljubljana<\/td>\n<\/tr>\n<tr>\n<td><b>IBAN:<\/b><\/td>\n<td>SI56 6100 0001 1342 848<\/td>\n<\/tr>\n<tr>\n<td><b>SWIFT\/BIC:<\/b><\/td>\n<td>HDELSI22<\/td>\n<\/tr>\n<tr>\n<td><b>Referenca:<\/b><\/td>\n<td>NRC (ni podana)<\/td>\n<\/tr>\n<tr>\n<td><b>Namen:<\/b><\/td>\n<td>Donacija za binder<\/td>\n<\/tr>\n<\/tbody>\n<\/table>\n<p class=\"p1\"><strong>Paypal nakazilo:<\/strong><\/p>\n<div class=\"btn-wrapper\"><a href=\"http:\/\/paypal.me\/transakcija\" class=\"btn\">Paypal nakazilo<\/a><\/div>\n<p>&nbsp;<\/p>\n<h4><strong>\u2192 Donira\u0161 denar za nakup binderjev<\/strong><\/h4>\n<p>Sprejemamo tudi donacije z namenom nakupa novih varnih binderjev!<\/p>\n<p>\u0160tevilo pro\u0161enj, ki jih prejemamo za zastonj binderje vsekakor presega na\u0161o zmo\u017enost pridobivanja binderjev, zato so vse donacije izredno dobrodo\u0161le.<\/p>\n<p class=\"p1\"><strong>Nakazilo na transakcijski ra\u010dun:<\/strong><\/p>\n<table>\n<tbody>\n<tr>\n<td><strong>Naziv:<\/strong><\/td>\n<td>Zavod TransAkcija<\/td>\n<\/tr>\n<tr>\n<td><b>Naslov:<\/b><\/td>\n<td>Endliherjeva 10, 1000 Ljubljana<\/td>\n<\/tr>\n<tr>\n<td><b>IBAN:<\/b><\/td>\n<td>SI56 6100 0001 1342 848<\/td>\n<\/tr>\n<tr>\n<td><b>SWIFT\/BIC:<\/b><\/td>\n<td>HDELSI22<\/td>\n<\/tr>\n<tr>\n<td><b>Referenca:<\/b><\/td>\n<td>NRC (ni podana)<\/td>\n<\/tr>\n<tr>\n<td><b>Namen:<\/b><\/td>\n<td>Donacija za binder<\/td>\n<\/tr>\n<\/tbody>\n<\/table>\n<p class=\"p1\"><strong>Paypal nakazilo:<\/strong><\/p>\n<div class=\"btn-wrapper\"><a href=\"http:\/\/paypal.me\/transakcija\" class=\"btn\">Paypal nakazilo<\/a><\/div>\n","protected":false},"excerpt":{"rendered":"<p>Namen na\u0161e binder sheme je preprost; \u017eelimo, da \u010dim ve\u010d oseb, ki potrebujejo varen binder, do njega lahko tudi na \u010dim bolj dostopen, \u010dim hitrej\u0161i in \u010dimbolj varen na\u010din pridejo. Na\u0161a shema deluje po principu skupnostne solidarnost; vsako osebo prosimo, naj se iskreno in odgovorno odlo\u010da glede lastnih finan\u010dnih zmo\u017enosti in na podlagi tega sprejme [&hellip;]<\/p>\n","protected":false},"author":18,"featured_media":0,"parent":0,"menu_order":0,"comment_status":"closed","ping_status":"closed","template":"","meta":{"footnotes":""},"class_list":["post-5966","page","type-page","status-publish","hentry"],"yoast_head":"<!-- This site is optimized with the Yoast SEO plugin v27.4 - https:\/\/yoast.com\/product\/yoast-seo-wordpress\/ -->\n<title>Binder shema<\/title>\n<meta name=\"robots\" content=\"noindex, follow, max-snippet:-1, max-image-preview:large, max-video-preview:-1\" \/>\n<meta property=\"og:locale\" content=\"en_US\" \/>\n<meta property=\"og:type\" content=\"article\" \/>\n<meta property=\"og:title\" content=\"Binder shema\" \/>\n<meta property=\"og:description\" content=\"Namen na\u0161e binder sheme je preprost; \u017eelimo, da \u010dim ve\u010d oseb, ki potrebujejo varen binder, do njega lahko tudi na \u010dim bolj dostopen, \u010dim hitrej\u0161i in \u010dimbolj varen na\u010din pridejo. Na\u0161a shema deluje po principu skupnostne solidarnost; vsako osebo prosimo, naj se iskreno in odgovorno odlo\u010da glede lastnih finan\u010dnih zmo\u017enosti in na podlagi tega sprejme [&hellip;]\" \/>\n<meta property=\"og:url\" content=\"https:\/\/transakcija.si\/old\/transakcijina-binder-shema\/\" \/>\n<meta property=\"og:site_name\" content=\"TransAkcija\" \/>\n<meta property=\"article:modified_time\" content=\"2024-02-26T11:53:40+00:00\" \/>\n<meta property=\"og:image\" content=\"https:\/\/transakcija.si\/old\/wp-content\/uploads\/2022\/01\/TransAkcijina-binder-shema-14.jpg\" \/>\n<meta name=\"twitter:card\" content=\"summary_large_image\" \/>\n<meta name=\"twitter:label1\" content=\"Est. reading time\" \/>\n\t<meta name=\"twitter:data1\" content=\"4 minutes\" \/>\n<script type=\"application\/ld+json\" class=\"yoast-schema-graph\">{\"@context\":\"https:\\\/\\\/schema.org\",\"@graph\":[{\"@type\":\"WebPage\",\"@id\":\"https:\\\/\\\/transakcija.si\\\/old\\\/transakcijina-binder-shema\\\/\",\"url\":\"https:\\\/\\\/transakcija.si\\\/old\\\/transakcijina-binder-shema\\\/\",\"name\":\"Binder shema\",\"isPartOf\":{\"@id\":\"https:\\\/\\\/transakcija.si\\\/old\\\/#website\"},\"primaryImageOfPage\":{\"@id\":\"https:\\\/\\\/transakcija.si\\\/old\\\/transakcijina-binder-shema\\\/#primaryimage\"},\"image\":{\"@id\":\"https:\\\/\\\/transakcija.si\\\/old\\\/transakcijina-binder-shema\\\/#primaryimage\"},\"thumbnailUrl\":\"https:\\\/\\\/transakcija.si\\\/old\\\/wp-content\\\/uploads\\\/2022\\\/01\\\/TransAkcijina-binder-shema-14.jpg\",\"datePublished\":\"2022-01-19T14:56:29+00:00\",\"dateModified\":\"2024-02-26T11:53:40+00:00\",\"breadcrumb\":{\"@id\":\"https:\\\/\\\/transakcija.si\\\/old\\\/transakcijina-binder-shema\\\/#breadcrumb\"},\"inLanguage\":\"en-US\",\"potentialAction\":[{\"@type\":\"ReadAction\",\"target\":[\"https:\\\/\\\/transakcija.si\\\/old\\\/transakcijina-binder-shema\\\/\"]}]},{\"@type\":\"ImageObject\",\"inLanguage\":\"en-US\",\"@id\":\"https:\\\/\\\/transakcija.si\\\/old\\\/transakcijina-binder-shema\\\/#primaryimage\",\"url\":\"https:\\\/\\\/transakcija.si\\\/old\\\/wp-content\\\/uploads\\\/2022\\\/01\\\/TransAkcijina-binder-shema-14.jpg\",\"contentUrl\":\"https:\\\/\\\/transakcija.si\\\/old\\\/wp-content\\\/uploads\\\/2022\\\/01\\\/TransAkcijina-binder-shema-14.jpg\",\"width\":1080,\"height\":1080},{\"@type\":\"BreadcrumbList\",\"@id\":\"https:\\\/\\\/transakcija.si\\\/old\\\/transakcijina-binder-shema\\\/#breadcrumb\",\"itemListElement\":[{\"@type\":\"ListItem\",\"position\":1,\"name\":\"Home\",\"item\":\"https:\\\/\\\/transakcija.si\\\/old\\\/\"},{\"@type\":\"ListItem\",\"position\":2,\"name\":\"Binder shema\"}]},{\"@type\":\"WebSite\",\"@id\":\"https:\\\/\\\/transakcija.si\\\/old\\\/#website\",\"url\":\"https:\\\/\\\/transakcija.si\\\/old\\\/\",\"name\":\"TransAkcija\",\"description\":\"\",\"publisher\":{\"@id\":\"https:\\\/\\\/transakcija.si\\\/old\\\/#organization\"},\"potentialAction\":[{\"@type\":\"SearchAction\",\"target\":{\"@type\":\"EntryPoint\",\"urlTemplate\":\"https:\\\/\\\/transakcija.si\\\/old\\\/?s={search_term_string}\"},\"query-input\":{\"@type\":\"PropertyValueSpecification\",\"valueRequired\":true,\"valueName\":\"search_term_string\"}}],\"inLanguage\":\"en-US\"},{\"@type\":\"Organization\",\"@id\":\"https:\\\/\\\/transakcija.si\\\/old\\\/#organization\",\"name\":\"TransAkcija\",\"url\":\"https:\\\/\\\/transakcija.si\\\/old\\\/\",\"logo\":{\"@type\":\"ImageObject\",\"inLanguage\":\"en-US\",\"@id\":\"https:\\\/\\\/transakcija.si\\\/old\\\/#\\\/schema\\\/logo\\\/image\\\/\",\"url\":\"https:\\\/\\\/transakcija.si\\\/old\\\/wp-content\\\/uploads\\\/2017\\\/03\\\/logo-l-e1489058897303.png\",\"contentUrl\":\"https:\\\/\\\/transakcija.si\\\/old\\\/wp-content\\\/uploads\\\/2017\\\/03\\\/logo-l-e1489058897303.png\",\"width\":400,\"height\":251,\"caption\":\"TransAkcija\"},\"image\":{\"@id\":\"https:\\\/\\\/transakcija.si\\\/old\\\/#\\\/schema\\\/logo\\\/image\\\/\"}}]}<\/script>\n<!-- \/ Yoast SEO plugin. -->","yoast_head_json":{"title":"Binder shema","robots":{"index":"noindex","follow":"follow","max-snippet":"max-snippet:-1","max-image-preview":"max-image-preview:large","max-video-preview":"max-video-preview:-1"},"og_locale":"en_US","og_type":"article","og_title":"Binder shema","og_description":"Namen na\u0161e binder sheme je preprost; \u017eelimo, da \u010dim ve\u010d oseb, ki potrebujejo varen binder, do njega lahko tudi na \u010dim bolj dostopen, \u010dim hitrej\u0161i in \u010dimbolj varen na\u010din pridejo. Na\u0161a shema deluje po principu skupnostne solidarnost; vsako osebo prosimo, naj se iskreno in odgovorno odlo\u010da glede lastnih finan\u010dnih zmo\u017enosti in na podlagi tega sprejme [&hellip;]","og_url":"https:\/\/transakcija.si\/old\/transakcijina-binder-shema\/","og_site_name":"TransAkcija","article_modified_time":"2024-02-26T11:53:40+00:00","og_image":[{"url":"https:\/\/transakcija.si\/old\/wp-content\/uploads\/2022\/01\/TransAkcijina-binder-shema-14.jpg","type":"","width":"","height":""}],"twitter_card":"summary_large_image","twitter_misc":{"Est. reading time":"4 minutes"},"schema":{"@context":"https:\/\/schema.org","@graph":[{"@type":"WebPage","@id":"https:\/\/transakcija.si\/old\/transakcijina-binder-shema\/","url":"https:\/\/transakcija.si\/old\/transakcijina-binder-shema\/","name":"Binder shema","isPartOf":{"@id":"https:\/\/transakcija.si\/old\/#website"},"primaryImageOfPage":{"@id":"https:\/\/transakcija.si\/old\/transakcijina-binder-shema\/#primaryimage"},"image":{"@id":"https:\/\/transakcija.si\/old\/transakcijina-binder-shema\/#primaryimage"},"thumbnailUrl":"https:\/\/transakcija.si\/old\/wp-content\/uploads\/2022\/01\/TransAkcijina-binder-shema-14.jpg","datePublished":"2022-01-19T14:56:29+00:00","dateModified":"2024-02-26T11:53:40+00:00","breadcrumb":{"@id":"https:\/\/transakcija.si\/old\/transakcijina-binder-shema\/#breadcrumb"},"inLanguage":"en-US","potentialAction":[{"@type":"ReadAction","target":["https:\/\/transakcija.si\/old\/transakcijina-binder-shema\/"]}]},{"@type":"ImageObject","inLanguage":"en-US","@id":"https:\/\/transakcija.si\/old\/transakcijina-binder-shema\/#primaryimage","url":"https:\/\/transakcija.si\/old\/wp-content\/uploads\/2022\/01\/TransAkcijina-binder-shema-14.jpg","contentUrl":"https:\/\/transakcija.si\/old\/wp-content\/uploads\/2022\/01\/TransAkcijina-binder-shema-14.jpg","width":1080,"height":1080},{"@type":"BreadcrumbList","@id":"https:\/\/transakcija.si\/old\/transakcijina-binder-shema\/#breadcrumb","itemListElement":[{"@type":"ListItem","position":1,"name":"Home","item":"https:\/\/transakcija.si\/old\/"},{"@type":"ListItem","position":2,"name":"Binder shema"}]},{"@type":"WebSite","@id":"https:\/\/transakcija.si\/old\/#website","url":"https:\/\/transakcija.si\/old\/","name":"TransAkcija","description":"","publisher":{"@id":"https:\/\/transakcija.si\/old\/#organization"},"potentialAction":[{"@type":"SearchAction","target":{"@type":"EntryPoint","urlTemplate":"https:\/\/transakcija.si\/old\/?s={search_term_string}"},"query-input":{"@type":"PropertyValueSpecification","valueRequired":true,"valueName":"search_term_string"}}],"inLanguage":"en-US"},{"@type":"Organization","@id":"https:\/\/transakcija.si\/old\/#organization","name":"TransAkcija","url":"https:\/\/transakcija.si\/old\/","logo":{"@type":"ImageObject","inLanguage":"en-US","@id":"https:\/\/transakcija.si\/old\/#\/schema\/logo\/image\/","url":"https:\/\/transakcija.si\/old\/wp-content\/uploads\/2017\/03\/logo-l-e1489058897303.png","contentUrl":"https:\/\/transakcija.si\/old\/wp-content\/uploads\/2017\/03\/logo-l-e1489058897303.png","width":400,"height":251,"caption":"TransAkcija"},"image":{"@id":"https:\/\/transakcija.si\/old\/#\/schema\/logo\/image\/"}}]}},"_links":{"self":[{"href":"https:\/\/transakcija.si\/old\/wp-json\/wp\/v2\/pages\/5966","targetHints":{"allow":["GET"]}}],"collection":[{"href":"https:\/\/transakcija.si\/old\/wp-json\/wp\/v2\/pages"}],"about":[{"href":"https:\/\/transakcija.si\/old\/wp-json\/wp\/v2\/types\/page"}],"author":[{"embeddable":true,"href":"https:\/\/transakcija.si\/old\/wp-json\/wp\/v2\/users\/18"}],"replies":[{"embeddable":true,"href":"https:\/\/transakcija.si\/old\/wp-json\/wp\/v2\/comments?post=5966"}],"version-history":[{"count":48,"href":"https:\/\/transakcija.si\/old\/wp-json\/wp\/v2\/pages\/5966\/revisions"}],"predecessor-version":[{"id":8117,"href":"https:\/\/transakcija.si\/old\/wp-json\/wp\/v2\/pages\/5966\/revisions\/8117"}],"wp:attachment":[{"href":"https:\/\/transakcija.si\/old\/wp-json\/wp\/v2\/media?parent=5966"}],"curies":[{"name":"wp","href":"https:\/\/api.w.org\/{rel}","templated":true}]}}