{"id":6200,"date":"2022-03-03T07:04:00","date_gmt":"2022-03-03T06:04:00","guid":{"rendered":"https:\/\/transakcija.si\/old\/?page_id=6200"},"modified":"2022-03-31T09:25:47","modified_gmt":"2022-03-31T07:25:47","slug":"t-prirocnik","status":"publish","type":"page","link":"https:\/\/transakcija.si\/old\/t-prirocnik\/","title":{"rendered":"t-priro\u010dnik: spletni priro\u010dnik o tranziciji"},"content":{"rendered":"\n<div class=\"wp-block-image\"><figure class=\"aligncenter size-large is-resized\"><img loading=\"lazy\" decoding=\"async\" src=\"https:\/\/transakcija.si\/old\/wp-content\/uploads\/2022\/02\/Untitled-design-84-1024x577.jpg\" alt=\"t-priro\u010dnik: spletni priro\u010dnik o tranziciji\" class=\"wp-image-6180\" width=\"717\" height=\"404\" srcset=\"https:\/\/transakcija.si\/old\/wp-content\/uploads\/2022\/02\/Untitled-design-84-1024x577.jpg 1024w, https:\/\/transakcija.si\/old\/wp-content\/uploads\/2022\/02\/Untitled-design-84-300x169.jpg 300w, https:\/\/transakcija.si\/old\/wp-content\/uploads\/2022\/02\/Untitled-design-84-768x433.jpg 768w, https:\/\/transakcija.si\/old\/wp-content\/uploads\/2022\/02\/Untitled-design-84-1536x865.jpg 1536w, https:\/\/transakcija.si\/old\/wp-content\/uploads\/2022\/02\/Untitled-design-84.jpg 1640w\" sizes=\"auto, (max-width: 717px) 100vw, 717px\" \/><\/figure><\/div>\n\n\n\n<p class=\"has-text-align-center\"><strong>Pred vami je <a href=\"https:\/\/transakcija.si\/old\/t-prirocnik\/\">t-priro\u010dnik: spletni priro\u010dnik o tranziciji<\/a>,<br>katerega namen je deliti \u010dimve\u010d informacij glede<\/strong><br><strong><a href=\"https:\/\/transakcija.si\/old\/t-prirocnik\/tranzicija\/\">medicinske in socialne tranzicije<\/a> v Sloveniji.<\/strong><\/p>\n\n\n\n<p class=\"has-text-align-center\"><em><strong>Informacije so zbrane na osnovi izku\u0161enj raznolikih trans oseb ter ne predstavljajo mnenj zdravstvenih delavk_cev ali \u010dlanov_ic Konzilija za potrditev spolne identitete.<\/strong><\/em><\/p>\n\n\n\n<p>Vsebine smo zbrale_i, prispevale_i in uredile_i zaposlene_i in prostovoljke_ci Zavoda TransAkcija ter pripadniki_ce trans skupnosti. Ilustracije t-priro\u010dnika je ustvaril <a href=\"https:\/\/www.instagram.com\/nukahorvat\/\">Nuka Horvat<\/a>.<\/p>\n\n\n\n<p>Informacije je potrebno razumeti kot okvirne oz. potencialne mo\u017enosti poteka tranzicije, ne pa kot gotova dejstva. Potek in \u010dasovnica medicinske tranzicije sta namre\u010d odvisni od odlo\u010ditev zdravstvenega osebja, ki vodi individualne procese tranzicije. Prav tako je pri pri\u010dakovanjih glede medicinske in telesne socialne tranzicije potrebno upo\u0161tevati genetske preddispozicije vsake posamezne osebe.<\/p>\n\n\n\n<h3 class=\"wp-block-heading\"><strong>Osrednja poglavja priro\u010dnika so:<\/strong><\/h3>\n\n\n\n<div class=\"wp-block-image tweak-medium-bottom-margin tweak-large-caption tweak-emphasized-caption\"><figure class=\"aligncenter size-large is-resized\"><a href=\"\/t-prirocnik\/tm\"><img loading=\"lazy\" decoding=\"async\" src=\"https:\/\/transakcija.si\/old\/wp-content\/uploads\/2022\/02\/spletna-stran-transmasc1-1024x762.png\" alt=\"Tranzicija transfemininih oseb\" class=\"wp-image-6129\" width=\"614\" height=\"456\" srcset=\"https:\/\/transakcija.si\/old\/wp-content\/uploads\/2022\/02\/spletna-stran-transmasc1-1024x762.png 1024w, https:\/\/transakcija.si\/old\/wp-content\/uploads\/2022\/02\/spletna-stran-transmasc1-300x223.png 300w, https:\/\/transakcija.si\/old\/wp-content\/uploads\/2022\/02\/spletna-stran-transmasc1-768x572.png 768w, https:\/\/transakcija.si\/old\/wp-content\/uploads\/2022\/02\/spletna-stran-transmasc1-1536x1143.png 1536w, https:\/\/transakcija.si\/old\/wp-content\/uploads\/2022\/02\/spletna-stran-transmasc1-2048x1524.png 2048w\" sizes=\"auto, (max-width: 614px) 100vw, 614px\" \/><\/a><figcaption><a href=\"https:\/\/transakcija.si\/old\/t-prirocnik\/tm\/\">Tranzicija transmaskulinih oseb<\/a><\/figcaption><\/figure><\/div>\n\n\n\n<div class=\"wp-block-image tweak-medium-bottom-margin tweak-large-caption tweak-emphasized-caption\"><figure class=\"aligncenter size-large is-resized\"><a href=\"\/t-prirocnik\/tf\"><img loading=\"lazy\" decoding=\"async\" src=\"https:\/\/transakcija.si\/old\/wp-content\/uploads\/2022\/02\/spletna-stran-transfem1-1024x762.png\" alt=\"Tranzicija transmaskulinih oseb\" class=\"wp-image-6128\" width=\"614\" height=\"456\" srcset=\"https:\/\/transakcija.si\/old\/wp-content\/uploads\/2022\/02\/spletna-stran-transfem1-1024x762.png 1024w, https:\/\/transakcija.si\/old\/wp-content\/uploads\/2022\/02\/spletna-stran-transfem1-300x223.png 300w, https:\/\/transakcija.si\/old\/wp-content\/uploads\/2022\/02\/spletna-stran-transfem1-768x572.png 768w, https:\/\/transakcija.si\/old\/wp-content\/uploads\/2022\/02\/spletna-stran-transfem1-1536x1143.png 1536w, https:\/\/transakcija.si\/old\/wp-content\/uploads\/2022\/02\/spletna-stran-transfem1-2048x1524.png 2048w\" sizes=\"auto, (max-width: 614px) 100vw, 614px\" \/><\/a><figcaption><a href=\"https:\/\/transakcija.si\/old\/t-prirocnik\/tf\/\">Tranzicija transfemininih oseb<\/a><\/figcaption><\/figure><\/div>\n\n\n\n<div class=\"wp-block-image tweak-medium-bottom-margin tweak-large-caption tweak-emphasized-caption\"><figure class=\"aligncenter size-large is-resized\"><a href=\"\/t-prirocnik\/tranzicija-mladoletnih-oseb\/\"><img loading=\"lazy\" decoding=\"async\" src=\"https:\/\/transakcija.si\/old\/wp-content\/uploads\/2022\/02\/spletna-stran-18-1024x762.png\" alt=\"Tranzicija mladoletnih oseb\" class=\"wp-image-6130\" width=\"614\" height=\"457\" srcset=\"https:\/\/transakcija.si\/old\/wp-content\/uploads\/2022\/02\/spletna-stran-18-1024x762.png 1024w, https:\/\/transakcija.si\/old\/wp-content\/uploads\/2022\/02\/spletna-stran-18-300x223.png 300w, https:\/\/transakcija.si\/old\/wp-content\/uploads\/2022\/02\/spletna-stran-18-768x572.png 768w, https:\/\/transakcija.si\/old\/wp-content\/uploads\/2022\/02\/spletna-stran-18-1536x1143.png 1536w, https:\/\/transakcija.si\/old\/wp-content\/uploads\/2022\/02\/spletna-stran-18-2048x1524.png 2048w\" sizes=\"auto, (max-width: 614px) 100vw, 614px\" \/><\/a><figcaption><a href=\"https:\/\/transakcija.si\/old\/t-prirocnik\/tranzicija-mladoletnih-oseb\/\">Tranzicija mladoletnih oseb<\/a><\/figcaption><\/figure><\/div>\n\n\n\n<p><\/p>\n\n\n\n<p class=\"tweak-small-bottom-margin\">Poleg treh osrednjih poglavij pa priro\u010dnik vklju\u010duje tudi naslednje vsebine:<\/p>\n\n\n\n<ul class=\"wp-block-list\"><li><a href=\"https:\/\/transakcija.si\/old\/t-prirocnik\/tranzicija\/\"><strong>splo\u0161no predstavitev tega, kaj je tranzicija<\/strong><\/a>,<\/li><li><a href=\"https:\/\/transakcija.si\/old\/t-prirocnik\/psihiatricna-in-psiholoska-obravnava\/\"><strong>informacije o psihiatri\u010dni in psiholo\u0161ki obravnavi<\/strong><\/a> in<\/li><li><a href=\"https:\/\/transakcija.si\/old\/t-prirocnik\/konzilij\/\"><strong>informacije o Konziliju za potrditev spolne identitete<\/strong><\/a>.<\/li><\/ul>\n\n\n\n<p class=\"tweak-small-bottom-margin\">Priro\u010dnik ponujamo tudi v obliki prilagojenega prikaza:<\/p>\n\n\n\n<ul class=\"wp-block-list\"><li><a href=\"\/t-prirocnik\/kazalo?spolni_izraz=tm\">prilagojeni prikaz za transmaskuline osebe<\/a><\/li><li><a href=\"\/t-prirocnik\/kazalo?spolni_izraz=tf\">prilagojeni prikaz za transfeminine osebe<\/a><\/li><\/ul>\n\n\n\n<hr class=\"wp-block-separator\"\/>\n\n\n\n<p><strong>\u010ce prepoznate, da kak\u0161na vsebina ni vklju\u010dena v t-priro\u010dnik ali pa \u017eelite, da se va\u0161a izku\u0161nja anonimno doda naboru izku\u0161enj trans oseb, nam prosimo pi\u0161ite na <a href=\"mailto:info@transakcija.si\">info@transakcija.si<\/a>.<\/strong><\/p>\n","protected":false},"excerpt":{"rendered":"<p>Pred vami je t-priro\u010dnik: spletni priro\u010dnik o tranziciji,katerega namen je deliti \u010dimve\u010d informacij gledemedicinske in socialne tranzicije v Sloveniji. Informacije so zbrane na osnovi izku\u0161enj raznolikih trans oseb ter ne predstavljajo mnenj zdravstvenih delavk_cev ali \u010dlanov_ic Konzilija za potrditev spolne identitete. Vsebine smo zbrale_i, prispevale_i in uredile_i zaposlene_i in prostovoljke_ci Zavoda TransAkcija ter pripadniki_ce trans [&hellip;]<\/p>\n","protected":false},"author":14,"featured_media":0,"parent":0,"menu_order":0,"comment_status":"closed","ping_status":"closed","template":"","meta":{"footnotes":""},"class_list":["post-6200","page","type-page","status-publish","hentry"],"yoast_head":"<!-- This site is optimized with the Yoast SEO plugin v27.4 - https:\/\/yoast.com\/product\/yoast-seo-wordpress\/ -->\n<title>t-priro\u010dnik: spletni priro\u010dnik o tranziciji<\/title>\n<meta name=\"robots\" content=\"noindex, follow, max-snippet:-1, max-image-preview:large, max-video-preview:-1\" \/>\n<meta property=\"og:locale\" content=\"en_US\" \/>\n<meta property=\"og:type\" content=\"article\" \/>\n<meta property=\"og:title\" content=\"t-priro\u010dnik: spletni priro\u010dnik o tranziciji\" \/>\n<meta property=\"og:description\" content=\"Pred vami je t-priro\u010dnik: spletni priro\u010dnik o tranziciji,katerega namen je deliti \u010dimve\u010d informacij gledemedicinske in socialne tranzicije v Sloveniji. Informacije so zbrane na osnovi izku\u0161enj raznolikih trans oseb ter ne predstavljajo mnenj zdravstvenih delavk_cev ali \u010dlanov_ic Konzilija za potrditev spolne identitete. Vsebine smo zbrale_i, prispevale_i in uredile_i zaposlene_i in prostovoljke_ci Zavoda TransAkcija ter pripadniki_ce trans [&hellip;]\" \/>\n<meta property=\"og:url\" content=\"https:\/\/transakcija.si\/old\/t-prirocnik\/\" \/>\n<meta property=\"og:site_name\" content=\"TransAkcija\" \/>\n<meta property=\"article:modified_time\" content=\"2022-03-31T07:25:47+00:00\" \/>\n<meta property=\"og:image\" content=\"https:\/\/transakcija.si\/old\/wp-content\/uploads\/2022\/02\/Untitled-design-84-1024x577.jpg\" \/>\n<meta name=\"twitter:card\" content=\"summary_large_image\" \/>\n<meta name=\"twitter:label1\" content=\"Est. reading time\" \/>\n\t<meta name=\"twitter:data1\" content=\"2 minutes\" \/>\n<script type=\"application\/ld+json\" class=\"yoast-schema-graph\">{\"@context\":\"https:\\\/\\\/schema.org\",\"@graph\":[{\"@type\":\"WebPage\",\"@id\":\"https:\\\/\\\/transakcija.si\\\/old\\\/t-prirocnik\\\/\",\"url\":\"https:\\\/\\\/transakcija.si\\\/old\\\/t-prirocnik\\\/\",\"name\":\"t-priro\u010dnik: spletni priro\u010dnik o tranziciji\",\"isPartOf\":{\"@id\":\"https:\\\/\\\/transakcija.si\\\/old\\\/#website\"},\"primaryImageOfPage\":{\"@id\":\"https:\\\/\\\/transakcija.si\\\/old\\\/t-prirocnik\\\/#primaryimage\"},\"image\":{\"@id\":\"https:\\\/\\\/transakcija.si\\\/old\\\/t-prirocnik\\\/#primaryimage\"},\"thumbnailUrl\":\"https:\\\/\\\/transakcija.si\\\/old\\\/wp-content\\\/uploads\\\/2022\\\/02\\\/Untitled-design-84-1024x577.jpg\",\"datePublished\":\"2022-03-03T06:04:00+00:00\",\"dateModified\":\"2022-03-31T07:25:47+00:00\",\"breadcrumb\":{\"@id\":\"https:\\\/\\\/transakcija.si\\\/old\\\/t-prirocnik\\\/#breadcrumb\"},\"inLanguage\":\"en-US\",\"potentialAction\":[{\"@type\":\"ReadAction\",\"target\":[\"https:\\\/\\\/transakcija.si\\\/old\\\/t-prirocnik\\\/\"]}]},{\"@type\":\"ImageObject\",\"inLanguage\":\"en-US\",\"@id\":\"https:\\\/\\\/transakcija.si\\\/old\\\/t-prirocnik\\\/#primaryimage\",\"url\":\"https:\\\/\\\/transakcija.si\\\/old\\\/wp-content\\\/uploads\\\/2022\\\/02\\\/Untitled-design-84.jpg\",\"contentUrl\":\"https:\\\/\\\/transakcija.si\\\/old\\\/wp-content\\\/uploads\\\/2022\\\/02\\\/Untitled-design-84.jpg\",\"width\":1640,\"height\":924},{\"@type\":\"BreadcrumbList\",\"@id\":\"https:\\\/\\\/transakcija.si\\\/old\\\/t-prirocnik\\\/#breadcrumb\",\"itemListElement\":[{\"@type\":\"ListItem\",\"position\":1,\"name\":\"Home\",\"item\":\"https:\\\/\\\/transakcija.si\\\/old\\\/\"},{\"@type\":\"ListItem\",\"position\":2,\"name\":\"t-priro\u010dnik: spletni priro\u010dnik o tranziciji\"}]},{\"@type\":\"WebSite\",\"@id\":\"https:\\\/\\\/transakcija.si\\\/old\\\/#website\",\"url\":\"https:\\\/\\\/transakcija.si\\\/old\\\/\",\"name\":\"TransAkcija\",\"description\":\"\",\"publisher\":{\"@id\":\"https:\\\/\\\/transakcija.si\\\/old\\\/#organization\"},\"potentialAction\":[{\"@type\":\"SearchAction\",\"target\":{\"@type\":\"EntryPoint\",\"urlTemplate\":\"https:\\\/\\\/transakcija.si\\\/old\\\/?s={search_term_string}\"},\"query-input\":{\"@type\":\"PropertyValueSpecification\",\"valueRequired\":true,\"valueName\":\"search_term_string\"}}],\"inLanguage\":\"en-US\"},{\"@type\":\"Organization\",\"@id\":\"https:\\\/\\\/transakcija.si\\\/old\\\/#organization\",\"name\":\"TransAkcija\",\"url\":\"https:\\\/\\\/transakcija.si\\\/old\\\/\",\"logo\":{\"@type\":\"ImageObject\",\"inLanguage\":\"en-US\",\"@id\":\"https:\\\/\\\/transakcija.si\\\/old\\\/#\\\/schema\\\/logo\\\/image\\\/\",\"url\":\"https:\\\/\\\/transakcija.si\\\/old\\\/wp-content\\\/uploads\\\/2017\\\/03\\\/logo-l-e1489058897303.png\",\"contentUrl\":\"https:\\\/\\\/transakcija.si\\\/old\\\/wp-content\\\/uploads\\\/2017\\\/03\\\/logo-l-e1489058897303.png\",\"width\":400,\"height\":251,\"caption\":\"TransAkcija\"},\"image\":{\"@id\":\"https:\\\/\\\/transakcija.si\\\/old\\\/#\\\/schema\\\/logo\\\/image\\\/\"}}]}<\/script>\n<!-- \/ Yoast SEO plugin. -->","yoast_head_json":{"title":"t-priro\u010dnik: spletni priro\u010dnik o tranziciji","robots":{"index":"noindex","follow":"follow","max-snippet":"max-snippet:-1","max-image-preview":"max-image-preview:large","max-video-preview":"max-video-preview:-1"},"og_locale":"en_US","og_type":"article","og_title":"t-priro\u010dnik: spletni priro\u010dnik o tranziciji","og_description":"Pred vami je t-priro\u010dnik: spletni priro\u010dnik o tranziciji,katerega namen je deliti \u010dimve\u010d informacij gledemedicinske in socialne tranzicije v Sloveniji. Informacije so zbrane na osnovi izku\u0161enj raznolikih trans oseb ter ne predstavljajo mnenj zdravstvenih delavk_cev ali \u010dlanov_ic Konzilija za potrditev spolne identitete. Vsebine smo zbrale_i, prispevale_i in uredile_i zaposlene_i in prostovoljke_ci Zavoda TransAkcija ter pripadniki_ce trans [&hellip;]","og_url":"https:\/\/transakcija.si\/old\/t-prirocnik\/","og_site_name":"TransAkcija","article_modified_time":"2022-03-31T07:25:47+00:00","og_image":[{"url":"https:\/\/transakcija.si\/old\/wp-content\/uploads\/2022\/02\/Untitled-design-84-1024x577.jpg","type":"","width":"","height":""}],"twitter_card":"summary_large_image","twitter_misc":{"Est. reading time":"2 minutes"},"schema":{"@context":"https:\/\/schema.org","@graph":[{"@type":"WebPage","@id":"https:\/\/transakcija.si\/old\/t-prirocnik\/","url":"https:\/\/transakcija.si\/old\/t-prirocnik\/","name":"t-priro\u010dnik: spletni priro\u010dnik o tranziciji","isPartOf":{"@id":"https:\/\/transakcija.si\/old\/#website"},"primaryImageOfPage":{"@id":"https:\/\/transakcija.si\/old\/t-prirocnik\/#primaryimage"},"image":{"@id":"https:\/\/transakcija.si\/old\/t-prirocnik\/#primaryimage"},"thumbnailUrl":"https:\/\/transakcija.si\/old\/wp-content\/uploads\/2022\/02\/Untitled-design-84-1024x577.jpg","datePublished":"2022-03-03T06:04:00+00:00","dateModified":"2022-03-31T07:25:47+00:00","breadcrumb":{"@id":"https:\/\/transakcija.si\/old\/t-prirocnik\/#breadcrumb"},"inLanguage":"en-US","potentialAction":[{"@type":"ReadAction","target":["https:\/\/transakcija.si\/old\/t-prirocnik\/"]}]},{"@type":"ImageObject","inLanguage":"en-US","@id":"https:\/\/transakcija.si\/old\/t-prirocnik\/#primaryimage","url":"https:\/\/transakcija.si\/old\/wp-content\/uploads\/2022\/02\/Untitled-design-84.jpg","contentUrl":"https:\/\/transakcija.si\/old\/wp-content\/uploads\/2022\/02\/Untitled-design-84.jpg","width":1640,"height":924},{"@type":"BreadcrumbList","@id":"https:\/\/transakcija.si\/old\/t-prirocnik\/#breadcrumb","itemListElement":[{"@type":"ListItem","position":1,"name":"Home","item":"https:\/\/transakcija.si\/old\/"},{"@type":"ListItem","position":2,"name":"t-priro\u010dnik: spletni priro\u010dnik o tranziciji"}]},{"@type":"WebSite","@id":"https:\/\/transakcija.si\/old\/#website","url":"https:\/\/transakcija.si\/old\/","name":"TransAkcija","description":"","publisher":{"@id":"https:\/\/transakcija.si\/old\/#organization"},"potentialAction":[{"@type":"SearchAction","target":{"@type":"EntryPoint","urlTemplate":"https:\/\/transakcija.si\/old\/?s={search_term_string}"},"query-input":{"@type":"PropertyValueSpecification","valueRequired":true,"valueName":"search_term_string"}}],"inLanguage":"en-US"},{"@type":"Organization","@id":"https:\/\/transakcija.si\/old\/#organization","name":"TransAkcija","url":"https:\/\/transakcija.si\/old\/","logo":{"@type":"ImageObject","inLanguage":"en-US","@id":"https:\/\/transakcija.si\/old\/#\/schema\/logo\/image\/","url":"https:\/\/transakcija.si\/old\/wp-content\/uploads\/2017\/03\/logo-l-e1489058897303.png","contentUrl":"https:\/\/transakcija.si\/old\/wp-content\/uploads\/2017\/03\/logo-l-e1489058897303.png","width":400,"height":251,"caption":"TransAkcija"},"image":{"@id":"https:\/\/transakcija.si\/old\/#\/schema\/logo\/image\/"}}]}},"_links":{"self":[{"href":"https:\/\/transakcija.si\/old\/wp-json\/wp\/v2\/pages\/6200","targetHints":{"allow":["GET"]}}],"collection":[{"href":"https:\/\/transakcija.si\/old\/wp-json\/wp\/v2\/pages"}],"about":[{"href":"https:\/\/transakcija.si\/old\/wp-json\/wp\/v2\/types\/page"}],"author":[{"embeddable":true,"href":"https:\/\/transakcija.si\/old\/wp-json\/wp\/v2\/users\/14"}],"replies":[{"embeddable":true,"href":"https:\/\/transakcija.si\/old\/wp-json\/wp\/v2\/comments?post=6200"}],"version-history":[{"count":31,"href":"https:\/\/transakcija.si\/old\/wp-json\/wp\/v2\/pages\/6200\/revisions"}],"predecessor-version":[{"id":6446,"href":"https:\/\/transakcija.si\/old\/wp-json\/wp\/v2\/pages\/6200\/revisions\/6446"}],"wp:attachment":[{"href":"https:\/\/transakcija.si\/old\/wp-json\/wp\/v2\/media?parent=6200"}],"curies":[{"name":"wp","href":"https:\/\/api.w.org\/{rel}","templated":true}]}}