{"id":6998,"date":"2023-02-09T14:21:33","date_gmt":"2023-02-09T13:21:33","guid":{"rendered":"https:\/\/transakcija.si\/old\/?page_id=6998"},"modified":"2024-06-18T12:04:11","modified_gmt":"2024-06-18T10:04:11","slug":"kolektiv-transakcije","status":"publish","type":"page","link":"https:\/\/transakcija.si\/old\/about\/kolektiv-transakcije\/","title":{"rendered":"Kolektiv TransAkcije"},"content":{"rendered":"\r\n<h2 class=\"wp-block-heading\">Kdo smo<\/h2>\r\n\r\n\r\n\r\n<figure class=\"wp-block-image\"><img loading=\"lazy\" decoding=\"async\" class=\"alignnone size-medium wp-image-7363\" src=\"https:\/\/transakcija.si\/old\/wp-content\/uploads\/2023\/07\/slike-za-info-neo2-300x300.jpg\" alt=\"\" width=\"300\" height=\"300\" srcset=\"https:\/\/transakcija.si\/old\/wp-content\/uploads\/2023\/07\/slike-za-info-neo2-300x300.jpg 300w, https:\/\/transakcija.si\/old\/wp-content\/uploads\/2023\/07\/slike-za-info-neo2-1024x1024.jpg 1024w, https:\/\/transakcija.si\/old\/wp-content\/uploads\/2023\/07\/slike-za-info-neo2-768x768.jpg 768w, https:\/\/transakcija.si\/old\/wp-content\/uploads\/2023\/07\/slike-za-info-neo2.jpg 1105w\" sizes=\"auto, (max-width: 300px) 100vw, 300px\" \/><\/figure>\r\n\r\n\r\n\r\n<p><strong>Neo Nova<\/strong><br \/><a href=\"mailto:neo@transakcija.si\">neo@transakcija.si<\/a><br \/><strong>on_ona_they<\/strong><br \/>direktorica_direktor<\/p>\r\n\r\n\r\n\r\n<p><strong>Neo<\/strong> je transfeministka z ozadjem iz novinarstva in sociologije, ki jo motivirajo teme decentralizacije, samoniklih skupnosti in vklju\u010dujo\u010dega jezika. Na TransAkciji koordinira kolektiv in delo od leta 2023. Me\u0161a zaimke, meglo &amp; \u0161trene. Pi\u0161i mu glede vseh splo\u0161nih in nesplo\u0161nih zadev.<\/p>\r\n\r\n\r\n\r\n\r\n\r\n\r\n\r\n<figure class=\"wp-block-image size-medium\"><img loading=\"lazy\" decoding=\"async\" width=\"300\" height=\"300\" class=\"wp-image-7193\" src=\"https:\/\/transakcija.si\/old\/wp-content\/uploads\/2023\/05\/slike-za-info-nuka-300x300.jpg\" alt=\"\" srcset=\"https:\/\/transakcija.si\/old\/wp-content\/uploads\/2023\/05\/slike-za-info-nuka-300x300.jpg 300w, https:\/\/transakcija.si\/old\/wp-content\/uploads\/2023\/05\/slike-za-info-nuka-1024x1024.jpg 1024w, https:\/\/transakcija.si\/old\/wp-content\/uploads\/2023\/05\/slike-za-info-nuka-768x768.jpg 768w, https:\/\/transakcija.si\/old\/wp-content\/uploads\/2023\/05\/slike-za-info-nuka.jpg 1105w\" sizes=\"auto, (max-width: 300px) 100vw, 300px\" \/><\/figure>\r\n\r\n\r\n\r\n<p><strong>Nuka Horvat<\/strong><br \/><a href=\"mailto:nuka.horvat@transakcija.si\">nuka.horvat@transakcija.si<\/a><br \/><strong>on_they<\/strong><br \/>vodja projektov, koordinator prostovoljk_cev &amp; vodja zunanjih in vizualnih komunikacij<\/p>\r\n<p><strong>Nuka<\/strong> je nebinarna kvir oseba in diplomant oblikovanja vizualnih komunikacij na ALUO. Pri TransAkciji ustvarja program, mentorira prostovoljke_ce, skrbi, da te\u010de binder shema in vsi na\u0161i umetni\u0161ko-grafi\u010dni podvigi. Zanima ga povezovanje umetnosti z aktivizmom ter brisanje meje med obema.<\/p>\r\n\r\n\r\n\r\n\r\n\r\n<p><img loading=\"lazy\" decoding=\"async\" class=\"alignnone size-medium wp-image-7361\" src=\"https:\/\/transakcija.si\/old\/wp-content\/uploads\/2023\/07\/slike-za-info-benyamin-300x300.jpg\" alt=\"\" width=\"300\" height=\"300\" srcset=\"https:\/\/transakcija.si\/old\/wp-content\/uploads\/2023\/07\/slike-za-info-benyamin-300x300.jpg 300w, https:\/\/transakcija.si\/old\/wp-content\/uploads\/2023\/07\/slike-za-info-benyamin-1024x1024.jpg 1024w, https:\/\/transakcija.si\/old\/wp-content\/uploads\/2023\/07\/slike-za-info-benyamin-768x768.jpg 768w, https:\/\/transakcija.si\/old\/wp-content\/uploads\/2023\/07\/slike-za-info-benyamin.jpg 1105w\" sizes=\"auto, (max-width: 300px) 100vw, 300px\" \/><\/p>\r\n<p><strong>Benyamin Yuu Logar, mag. psih.<\/strong><br \/><a href=\"mailto:benyamin.yuu@transakcija.si\">benyamin.yuu@transakcija.si<\/a><br \/><strong>on_he_they<\/strong><br \/>svetovalec v programu psihosocialne pomo\u010di in podpore<\/p>\r\n<p><strong>Benyamin<\/strong> je transmaskulina oseba, ki pri TransAkciji sodeluje kot svetovalec v okviru programov psihosocialne pomo\u010di in podpore in \u010dlan strokovnega sveta zavoda. Po izobrazbi je magister psihologije, po du\u0161i pa umetnik. Veliko \u010dasa pre\u017eivi v spletnih trans in kvir prostorih, \u010de ima ve\u010d \u010dasa, pa z veseljem odigra kak\u0161no video igro. Ker \u010disto preve\u010d \u010dasa pre\u017eivi na svoji zadnjici, sku\u0161a redno fitnesirati.<\/p>\r\n<p>&nbsp;<\/p>\r\n<p>&nbsp;<\/p>\r\n\r\n\r\n\r\n<p><strong>Poleg na\u0161tetih oseb imamo pri Zavodu TransAkcija tudi \u010dudovito ekipo raznolikih prostovoljk_cev, brez katerih si ne predstavljamo na\u0161ega delovanja, produktov, dogodkov in gradnje trans in LGBTIQ+ skupnosti.\u00a0<\/strong><\/p>\r\n<div id=\"attachment_7941\" style=\"width: 770px\" class=\"wp-caption alignnone\"><img loading=\"lazy\" decoding=\"async\" aria-describedby=\"caption-attachment-7941\" class=\"size-large wp-image-7941\" src=\"https:\/\/transakcija.si\/old\/wp-content\/uploads\/2024\/01\/IMG_3914-2-1024x576.jpg\" alt=\"\" width=\"760\" height=\"428\" srcset=\"https:\/\/transakcija.si\/old\/wp-content\/uploads\/2024\/01\/IMG_3914-2-1024x576.jpg 1024w, https:\/\/transakcija.si\/old\/wp-content\/uploads\/2024\/01\/IMG_3914-2-300x169.jpg 300w, https:\/\/transakcija.si\/old\/wp-content\/uploads\/2024\/01\/IMG_3914-2-768x432.jpg 768w, https:\/\/transakcija.si\/old\/wp-content\/uploads\/2024\/01\/IMG_3914-2-1536x864.jpg 1536w, https:\/\/transakcija.si\/old\/wp-content\/uploads\/2024\/01\/IMG_3914-2-2048x1152.jpg 2048w\" sizes=\"auto, (max-width: 760px) 100vw, 760px\" \/><p id=\"caption-attachment-7941\" class=\"wp-caption-text\">Foto: Katarina Kolenc<\/p><\/div>\r\n","protected":false},"excerpt":{"rendered":"<p>Kdo smo Neo Novaneo@transakcija.sion_ona_theydirektorica_direktor Neo je transfeministka z ozadjem iz novinarstva in sociologije, ki jo motivirajo teme decentralizacije, samoniklih skupnosti in vklju\u010dujo\u010dega jezika. Na TransAkciji koordinira kolektiv in delo od leta 2023. Me\u0161a zaimke, meglo &amp; \u0161trene. Pi\u0161i mu glede vseh splo\u0161nih in nesplo\u0161nih zadev. Nuka Horvatnuka.horvat@transakcija.sion_theyvodja projektov, koordinator prostovoljk_cev &amp; vodja zunanjih in vizualnih [&hellip;]<\/p>\n","protected":false},"author":18,"featured_media":0,"parent":14,"menu_order":0,"comment_status":"closed","ping_status":"closed","template":"","meta":{"footnotes":""},"class_list":["post-6998","page","type-page","status-publish","hentry"],"yoast_head":"<!-- This site is optimized with the Yoast SEO plugin v27.4 - https:\/\/yoast.com\/product\/yoast-seo-wordpress\/ -->\n<title>Kolektiv TransAkcije<\/title>\n<meta name=\"robots\" content=\"noindex, follow, max-snippet:-1, max-image-preview:large, max-video-preview:-1\" \/>\n<meta property=\"og:locale\" content=\"en_US\" \/>\n<meta property=\"og:type\" content=\"article\" \/>\n<meta property=\"og:title\" content=\"Kolektiv TransAkcije\" \/>\n<meta property=\"og:description\" content=\"Kdo smo Neo Novaneo@transakcija.sion_ona_theydirektorica_direktor Neo je transfeministka z ozadjem iz novinarstva in sociologije, ki jo motivirajo teme decentralizacije, samoniklih skupnosti in vklju\u010dujo\u010dega jezika. Na TransAkciji koordinira kolektiv in delo od leta 2023. Me\u0161a zaimke, meglo &amp; \u0161trene. Pi\u0161i mu glede vseh splo\u0161nih in nesplo\u0161nih zadev. Nuka Horvatnuka.horvat@transakcija.sion_theyvodja projektov, koordinator prostovoljk_cev &amp; vodja zunanjih in vizualnih [&hellip;]\" \/>\n<meta property=\"og:url\" content=\"https:\/\/transakcija.si\/old\/about\/kolektiv-transakcije\/\" \/>\n<meta property=\"og:site_name\" content=\"TransAkcija\" \/>\n<meta property=\"article:modified_time\" content=\"2024-06-18T10:04:11+00:00\" \/>\n<meta property=\"og:image\" content=\"https:\/\/transakcija.si\/old\/wp-content\/uploads\/2023\/07\/slike-za-info-neo2-300x300.jpg\" \/>\n<meta name=\"twitter:card\" content=\"summary_large_image\" \/>\n<meta name=\"twitter:label1\" content=\"Est. reading time\" \/>\n\t<meta name=\"twitter:data1\" content=\"2 minutes\" \/>\n<script type=\"application\/ld+json\" class=\"yoast-schema-graph\">{\"@context\":\"https:\\\/\\\/schema.org\",\"@graph\":[{\"@type\":\"WebPage\",\"@id\":\"https:\\\/\\\/transakcija.si\\\/old\\\/about\\\/kolektiv-transakcije\\\/\",\"url\":\"https:\\\/\\\/transakcija.si\\\/old\\\/about\\\/kolektiv-transakcije\\\/\",\"name\":\"Kolektiv TransAkcije\",\"isPartOf\":{\"@id\":\"https:\\\/\\\/transakcija.si\\\/old\\\/#website\"},\"primaryImageOfPage\":{\"@id\":\"https:\\\/\\\/transakcija.si\\\/old\\\/about\\\/kolektiv-transakcije\\\/#primaryimage\"},\"image\":{\"@id\":\"https:\\\/\\\/transakcija.si\\\/old\\\/about\\\/kolektiv-transakcije\\\/#primaryimage\"},\"thumbnailUrl\":\"https:\\\/\\\/transakcija.si\\\/old\\\/wp-content\\\/uploads\\\/2023\\\/07\\\/slike-za-info-neo2-300x300.jpg\",\"datePublished\":\"2023-02-09T13:21:33+00:00\",\"dateModified\":\"2024-06-18T10:04:11+00:00\",\"breadcrumb\":{\"@id\":\"https:\\\/\\\/transakcija.si\\\/old\\\/about\\\/kolektiv-transakcije\\\/#breadcrumb\"},\"inLanguage\":\"en-US\",\"potentialAction\":[{\"@type\":\"ReadAction\",\"target\":[\"https:\\\/\\\/transakcija.si\\\/old\\\/about\\\/kolektiv-transakcije\\\/\"]}]},{\"@type\":\"ImageObject\",\"inLanguage\":\"en-US\",\"@id\":\"https:\\\/\\\/transakcija.si\\\/old\\\/about\\\/kolektiv-transakcije\\\/#primaryimage\",\"url\":\"https:\\\/\\\/transakcija.si\\\/old\\\/wp-content\\\/uploads\\\/2023\\\/07\\\/slike-za-info-neo2.jpg\",\"contentUrl\":\"https:\\\/\\\/transakcija.si\\\/old\\\/wp-content\\\/uploads\\\/2023\\\/07\\\/slike-za-info-neo2.jpg\",\"width\":1105,\"height\":1105},{\"@type\":\"BreadcrumbList\",\"@id\":\"https:\\\/\\\/transakcija.si\\\/old\\\/about\\\/kolektiv-transakcije\\\/#breadcrumb\",\"itemListElement\":[{\"@type\":\"ListItem\",\"position\":1,\"name\":\"Home\",\"item\":\"https:\\\/\\\/transakcija.si\\\/old\\\/\"},{\"@type\":\"ListItem\",\"position\":2,\"name\":\"O TransAkciji\",\"item\":\"https:\\\/\\\/transakcija.si\\\/old\\\/about\\\/\"},{\"@type\":\"ListItem\",\"position\":3,\"name\":\"Kolektiv TransAkcije\"}]},{\"@type\":\"WebSite\",\"@id\":\"https:\\\/\\\/transakcija.si\\\/old\\\/#website\",\"url\":\"https:\\\/\\\/transakcija.si\\\/old\\\/\",\"name\":\"TransAkcija\",\"description\":\"\",\"publisher\":{\"@id\":\"https:\\\/\\\/transakcija.si\\\/old\\\/#organization\"},\"potentialAction\":[{\"@type\":\"SearchAction\",\"target\":{\"@type\":\"EntryPoint\",\"urlTemplate\":\"https:\\\/\\\/transakcija.si\\\/old\\\/?s={search_term_string}\"},\"query-input\":{\"@type\":\"PropertyValueSpecification\",\"valueRequired\":true,\"valueName\":\"search_term_string\"}}],\"inLanguage\":\"en-US\"},{\"@type\":\"Organization\",\"@id\":\"https:\\\/\\\/transakcija.si\\\/old\\\/#organization\",\"name\":\"TransAkcija\",\"url\":\"https:\\\/\\\/transakcija.si\\\/old\\\/\",\"logo\":{\"@type\":\"ImageObject\",\"inLanguage\":\"en-US\",\"@id\":\"https:\\\/\\\/transakcija.si\\\/old\\\/#\\\/schema\\\/logo\\\/image\\\/\",\"url\":\"https:\\\/\\\/transakcija.si\\\/old\\\/wp-content\\\/uploads\\\/2017\\\/03\\\/logo-l-e1489058897303.png\",\"contentUrl\":\"https:\\\/\\\/transakcija.si\\\/old\\\/wp-content\\\/uploads\\\/2017\\\/03\\\/logo-l-e1489058897303.png\",\"width\":400,\"height\":251,\"caption\":\"TransAkcija\"},\"image\":{\"@id\":\"https:\\\/\\\/transakcija.si\\\/old\\\/#\\\/schema\\\/logo\\\/image\\\/\"}}]}<\/script>\n<!-- \/ Yoast SEO plugin. -->","yoast_head_json":{"title":"Kolektiv TransAkcije","robots":{"index":"noindex","follow":"follow","max-snippet":"max-snippet:-1","max-image-preview":"max-image-preview:large","max-video-preview":"max-video-preview:-1"},"og_locale":"en_US","og_type":"article","og_title":"Kolektiv TransAkcije","og_description":"Kdo smo Neo Novaneo@transakcija.sion_ona_theydirektorica_direktor Neo je transfeministka z ozadjem iz novinarstva in sociologije, ki jo motivirajo teme decentralizacije, samoniklih skupnosti in vklju\u010dujo\u010dega jezika. Na TransAkciji koordinira kolektiv in delo od leta 2023. Me\u0161a zaimke, meglo &amp; \u0161trene. Pi\u0161i mu glede vseh splo\u0161nih in nesplo\u0161nih zadev. Nuka Horvatnuka.horvat@transakcija.sion_theyvodja projektov, koordinator prostovoljk_cev &amp; vodja zunanjih in vizualnih [&hellip;]","og_url":"https:\/\/transakcija.si\/old\/about\/kolektiv-transakcije\/","og_site_name":"TransAkcija","article_modified_time":"2024-06-18T10:04:11+00:00","og_image":[{"url":"https:\/\/transakcija.si\/old\/wp-content\/uploads\/2023\/07\/slike-za-info-neo2-300x300.jpg","type":"","width":"","height":""}],"twitter_card":"summary_large_image","twitter_misc":{"Est. reading time":"2 minutes"},"schema":{"@context":"https:\/\/schema.org","@graph":[{"@type":"WebPage","@id":"https:\/\/transakcija.si\/old\/about\/kolektiv-transakcije\/","url":"https:\/\/transakcija.si\/old\/about\/kolektiv-transakcije\/","name":"Kolektiv TransAkcije","isPartOf":{"@id":"https:\/\/transakcija.si\/old\/#website"},"primaryImageOfPage":{"@id":"https:\/\/transakcija.si\/old\/about\/kolektiv-transakcije\/#primaryimage"},"image":{"@id":"https:\/\/transakcija.si\/old\/about\/kolektiv-transakcije\/#primaryimage"},"thumbnailUrl":"https:\/\/transakcija.si\/old\/wp-content\/uploads\/2023\/07\/slike-za-info-neo2-300x300.jpg","datePublished":"2023-02-09T13:21:33+00:00","dateModified":"2024-06-18T10:04:11+00:00","breadcrumb":{"@id":"https:\/\/transakcija.si\/old\/about\/kolektiv-transakcije\/#breadcrumb"},"inLanguage":"en-US","potentialAction":[{"@type":"ReadAction","target":["https:\/\/transakcija.si\/old\/about\/kolektiv-transakcije\/"]}]},{"@type":"ImageObject","inLanguage":"en-US","@id":"https:\/\/transakcija.si\/old\/about\/kolektiv-transakcije\/#primaryimage","url":"https:\/\/transakcija.si\/old\/wp-content\/uploads\/2023\/07\/slike-za-info-neo2.jpg","contentUrl":"https:\/\/transakcija.si\/old\/wp-content\/uploads\/2023\/07\/slike-za-info-neo2.jpg","width":1105,"height":1105},{"@type":"BreadcrumbList","@id":"https:\/\/transakcija.si\/old\/about\/kolektiv-transakcije\/#breadcrumb","itemListElement":[{"@type":"ListItem","position":1,"name":"Home","item":"https:\/\/transakcija.si\/old\/"},{"@type":"ListItem","position":2,"name":"O TransAkciji","item":"https:\/\/transakcija.si\/old\/about\/"},{"@type":"ListItem","position":3,"name":"Kolektiv TransAkcije"}]},{"@type":"WebSite","@id":"https:\/\/transakcija.si\/old\/#website","url":"https:\/\/transakcija.si\/old\/","name":"TransAkcija","description":"","publisher":{"@id":"https:\/\/transakcija.si\/old\/#organization"},"potentialAction":[{"@type":"SearchAction","target":{"@type":"EntryPoint","urlTemplate":"https:\/\/transakcija.si\/old\/?s={search_term_string}"},"query-input":{"@type":"PropertyValueSpecification","valueRequired":true,"valueName":"search_term_string"}}],"inLanguage":"en-US"},{"@type":"Organization","@id":"https:\/\/transakcija.si\/old\/#organization","name":"TransAkcija","url":"https:\/\/transakcija.si\/old\/","logo":{"@type":"ImageObject","inLanguage":"en-US","@id":"https:\/\/transakcija.si\/old\/#\/schema\/logo\/image\/","url":"https:\/\/transakcija.si\/old\/wp-content\/uploads\/2017\/03\/logo-l-e1489058897303.png","contentUrl":"https:\/\/transakcija.si\/old\/wp-content\/uploads\/2017\/03\/logo-l-e1489058897303.png","width":400,"height":251,"caption":"TransAkcija"},"image":{"@id":"https:\/\/transakcija.si\/old\/#\/schema\/logo\/image\/"}}]}},"_links":{"self":[{"href":"https:\/\/transakcija.si\/old\/wp-json\/wp\/v2\/pages\/6998","targetHints":{"allow":["GET"]}}],"collection":[{"href":"https:\/\/transakcija.si\/old\/wp-json\/wp\/v2\/pages"}],"about":[{"href":"https:\/\/transakcija.si\/old\/wp-json\/wp\/v2\/types\/page"}],"author":[{"embeddable":true,"href":"https:\/\/transakcija.si\/old\/wp-json\/wp\/v2\/users\/18"}],"replies":[{"embeddable":true,"href":"https:\/\/transakcija.si\/old\/wp-json\/wp\/v2\/comments?post=6998"}],"version-history":[{"count":29,"href":"https:\/\/transakcija.si\/old\/wp-json\/wp\/v2\/pages\/6998\/revisions"}],"predecessor-version":[{"id":8346,"href":"https:\/\/transakcija.si\/old\/wp-json\/wp\/v2\/pages\/6998\/revisions\/8346"}],"up":[{"embeddable":true,"href":"https:\/\/transakcija.si\/old\/wp-json\/wp\/v2\/pages\/14"}],"wp:attachment":[{"href":"https:\/\/transakcija.si\/old\/wp-json\/wp\/v2\/media?parent=6998"}],"curies":[{"name":"wp","href":"https:\/\/api.w.org\/{rel}","templated":true}]}}