{"id":1286,"date":"2024-06-25T20:37:06","date_gmt":"2024-06-25T18:37:06","guid":{"rendered":"https:\/\/translovenia.com\/?page_id=1286"},"modified":"2024-10-05T00:42:15","modified_gmt":"2024-10-05T00:42:15","slug":"transmsn","status":"publish","type":"page","link":"https:\/\/transakcija.si\/translovenija\/transmsn\/","title":{"rendered":"#transMSN"},"content":{"rendered":"\n<div class=\"wp-block-group alignfull has-global-padding is-content-justification-center is-layout-constrained wp-container-core-group-is-layout-888b3e69 wp-block-group-is-layout-constrained\" style=\"margin-top:0;margin-bottom:0;padding-top:calc( 0.5 * var(u002du002dwpu002du002dstyleu002du002drootu002du002dpadding-right, var(u002du002dwpu002du002dcustomu002du002dgapu002du002dhorizontal)));padding-right:var(u002du002dwpu002du002dstyleu002du002drootu002du002dpadding-right, var(u002du002dwpu002du002dcustomu002du002dgapu002du002dhorizontal));padding-bottom:calc( 0.5 * var(u002du002dwpu002du002dstyleu002du002drootu002du002dpadding-right, var(u002du002dwpu002du002dcustomu002du002dgapu002du002dhorizontal)));padding-left:var(u002du002dwpu002du002dstyleu002du002drootu002du002dpadding-left, var(u002du002dwpu002du002dcustomu002du002dgapu002du002dhorizontal))\">\n<div style=\"height:calc( 0.25 * var(u002du002dwpu002du002dstyleu002du002drootu002du002dpadding-right, var(u002du002dwpu002du002dcustomu002du002dgapu002du002dhorizontal)))\" aria-hidden=\"true\" class=\"wp-block-spacer\"><\/div>\n\n\n\n<div class=\"wp-block-columns alignwide is-layout-flex wp-container-core-columns-is-layout-28f84493 wp-block-columns-is-layout-flex\">\n<div class=\"wp-block-column is-layout-flow wp-block-column-is-layout-flow\">\n<p><strong>transMSN<\/strong> je brezpla\u010dna pogovorna storitev za vse trans osebe, ki si \u017eelijo do odgovorov na svoja vpra\u0161anja priti hitro, varno in zaupno. Prav tako je storitev na voljo vsem, ki ne \u017eelijo, ne morejo ali si ne upajo uradno pristopiti do LGBTIQ+ svetovalnic.<br><br>transMSN je odprt <strong>vsak petek med 14. in 18. uro<\/strong> na <strong>instagramu<\/strong> <strong>@transakcija<\/strong>. Za ve\u010d informacij in podrobnej\u0161i urnik si oglej na\u0161 mese\u010dnik.<\/p>\n\n\n\n<h4 class=\"wp-block-heading\">Druge storitve za trans osebe<\/h4>\n\n\n\n<div class=\"wp-block-buttons is-layout-flex wp-block-buttons-is-layout-flex\">\n<div class=\"wp-block-button\"><a class=\"wp-block-button__link wp-element-button\" href=\"https:\/\/transakcija.si\/translovenija\/plac-zate\/\">Plac zate<\/a><\/div>\n\n\n\n<div class=\"wp-block-button\"><a class=\"wp-block-button__link wp-element-button\" href=\"https:\/\/transakcija.si\/translovenija\/binder-shema\/\">Binder shema<\/a><\/div>\n\n\n\n<div class=\"wp-block-button\"><a class=\"wp-block-button__link wp-element-button\" href=\"https:\/\/transakcija.si\/translovenija\/svetovanje-in-psiholoska-podpora\/\">Svetovanja in psiholo\u0161ka podpora<\/a><\/div>\n<\/div>\n\n\n\n<div style=\"height:100px\" aria-hidden=\"true\" class=\"wp-block-spacer\"><\/div>\n<\/div>\n<\/div>\n<\/div>\n","protected":false},"excerpt":{"rendered":"<p>transMSN je brezpla\u010dna pogovorna storitev za vse trans osebe, ki si \u017eelijo do odgovorov na svoja vpra\u0161anja priti hitro, varno in zaupno. Prav tako je storitev na voljo vsem, ki ne \u017eelijo, ne morejo ali si ne upajo uradno pristopiti do LGBTIQ+ svetovalnic. transMSN je odprt vsak petek med 14. in 18. uro na instagramu [&hellip;]<\/p>\n","protected":false},"author":2,"featured_media":0,"parent":0,"menu_order":0,"comment_status":"closed","ping_status":"closed","template":"","meta":{"footnotes":""},"class_list":["post-1286","page","type-page","status-publish","hentry"],"_links":{"self":[{"href":"https:\/\/transakcija.si\/translovenija\/wp-json\/wp\/v2\/pages\/1286","targetHints":{"allow":["GET"]}}],"collection":[{"href":"https:\/\/transakcija.si\/translovenija\/wp-json\/wp\/v2\/pages"}],"about":[{"href":"https:\/\/transakcija.si\/translovenija\/wp-json\/wp\/v2\/types\/page"}],"author":[{"embeddable":true,"href":"https:\/\/transakcija.si\/translovenija\/wp-json\/wp\/v2\/users\/2"}],"replies":[{"embeddable":true,"href":"https:\/\/transakcija.si\/translovenija\/wp-json\/wp\/v2\/comments?post=1286"}],"version-history":[{"count":3,"href":"https:\/\/transakcija.si\/translovenija\/wp-json\/wp\/v2\/pages\/1286\/revisions"}],"predecessor-version":[{"id":2388,"href":"https:\/\/transakcija.si\/translovenija\/wp-json\/wp\/v2\/pages\/1286\/revisions\/2388"}],"wp:attachment":[{"href":"https:\/\/transakcija.si\/translovenija\/wp-json\/wp\/v2\/media?parent=1286"}],"curies":[{"name":"wp","href":"https:\/\/api.w.org\/{rel}","templated":true}]}}