{"id":1377,"date":"2024-07-05T12:59:05","date_gmt":"2024-07-05T10:59:05","guid":{"rendered":"https:\/\/translovenia.com\/?page_id=1377"},"modified":"2024-10-05T13:45:10","modified_gmt":"2024-10-05T13:45:10","slug":"raziskava-vsakdanje-zivljenje","status":"publish","type":"page","link":"https:\/\/transakcija.si\/translovenija\/raziskava-vsakdanje-zivljenje\/","title":{"rendered":"#raziskava &#8220;Vsakdanje \u017eivljenje transspolnih oseb v Sloveniji&#8221;"},"content":{"rendered":"\n<div class=\"wp-block-group alignfull has-global-padding is-content-justification-center is-layout-constrained wp-container-core-group-is-layout-888b3e69 wp-block-group-is-layout-constrained\" style=\"margin-top:0;margin-bottom:0;padding-top:calc( 0.5 * var(u002du002dwpu002du002dstyleu002du002drootu002du002dpadding-right, var(u002du002dwpu002du002dcustomu002du002dgapu002du002dhorizontal)));padding-right:var(u002du002dwpu002du002dstyleu002du002drootu002du002dpadding-right, var(u002du002dwpu002du002dcustomu002du002dgapu002du002dhorizontal));padding-bottom:calc( 0.5 * var(u002du002dwpu002du002dstyleu002du002drootu002du002dpadding-right, var(u002du002dwpu002du002dcustomu002du002dgapu002du002dhorizontal)));padding-left:var(u002du002dwpu002du002dstyleu002du002drootu002du002dpadding-left, var(u002du002dwpu002du002dcustomu002du002dgapu002du002dhorizontal))\">\n<div style=\"height:calc( 0.25 * var(u002du002dwpu002du002dstyleu002du002drootu002du002dpadding-right, var(u002du002dwpu002du002dcustomu002du002dgapu002du002dhorizontal)))\" aria-hidden=\"true\" class=\"wp-block-spacer\"><\/div>\n\n\n\n<div class=\"wp-block-columns alignwide is-layout-flex wp-container-core-columns-is-layout-28f84493 wp-block-columns-is-layout-flex\">\n<div class=\"wp-block-column is-layout-flow wp-block-column-is-layout-flow\">\n<div style=\"height:23px\" aria-hidden=\"true\" class=\"wp-block-spacer\"><\/div>\n\n\n\n<div class=\"wp-block-columns is-layout-flex wp-container-core-columns-is-layout-28f84493 wp-block-columns-is-layout-flex\">\n<div class=\"wp-block-column is-layout-flow wp-block-column-is-layout-flow\" style=\"flex-basis:33.33%\">\n<figure class=\"wp-block-image size-large\"><img fetchpriority=\"high\" decoding=\"async\" width=\"728\" height=\"1024\" src=\"https:\/\/transakcija.si\/translovenija\/wp-content\/uploads\/2024\/10\/raziskava-vsakdanje-728x1024.png\" alt=\"\" class=\"wp-image-2317\" srcset=\"https:\/\/transakcija.si\/translovenija\/wp-content\/uploads\/2024\/10\/raziskava-vsakdanje-728x1024.png 728w, https:\/\/transakcija.si\/translovenija\/wp-content\/uploads\/2024\/10\/raziskava-vsakdanje-213x300.png 213w, https:\/\/transakcija.si\/translovenija\/wp-content\/uploads\/2024\/10\/raziskava-vsakdanje-768x1081.png 768w, https:\/\/transakcija.si\/translovenija\/wp-content\/uploads\/2024\/10\/raziskava-vsakdanje.png 995w\" sizes=\"(max-width: 728px) 100vw, 728px\" \/><\/figure>\n<\/div>\n\n\n\n<div class=\"wp-block-column is-layout-flow wp-block-column-is-layout-flow\" style=\"flex-basis:66.66%\">\n<p>Med februarjem in majem 2019 je bila izvedena kvantitativna raziskava o vsakdanjem \u017eivljenju transspolnih oseb v Sloveniji, h kateri so bile povabljene vse LGBTIQ+ osebe v Sloveniji. V raziskavi je sodelovalo 113 LGBTIQ+ oseb.<\/p>\n\n\n\n<p><strong>Avtor: <\/strong>Linn Julian Koletnik<br><strong>Statisti\u010dna analiza: <\/strong>Ajda Kova\u010d<br><strong>Ilustracije: <\/strong>Nuka Horvat <br><strong>Oblikovanje: <\/strong>RumenaPika<br><strong>Lektura: <\/strong>Toma\u017e Podbev\u0161ek in Branislava Vi\u010dar<br><br><strong>Produkcija: <\/strong>Zavod TransAkcija<br><strong>Leto izida: <\/strong>2019<br><strong>Finan\u010dna podpora: <\/strong>Astraea Lesbian Foundation for Justice,&nbsp;Mama Cash,&nbsp;Mestna ob\u010dina Ljubljana&nbsp;in&nbsp;International Trans Fund<\/p>\n\n\n\n<div class=\"wp-block-buttons is-layout-flex wp-block-buttons-is-layout-flex\">\n<div class=\"wp-block-button\"><a class=\"wp-block-button__link wp-element-button\" href=\"https:\/\/transakcija.si\/translovenija\/wp-content\/uploads\/2024\/10\/raziskava_2019_vsakdanje-zivljenje.pdf\">PREBERI PORO\u010cILO RAZISKAVE<\/a><\/div>\n<\/div>\n\n\n\n<div style=\"height:100px\" aria-hidden=\"true\" class=\"wp-block-spacer\"><\/div>\n<\/div>\n<\/div>\n<\/div>\n<\/div>\n<\/div>\n","protected":false},"excerpt":{"rendered":"<p>Med februarjem in majem 2019 je bila izvedena kvantitativna raziskava o vsakdanjem \u017eivljenju transspolnih oseb v Sloveniji, h kateri so bile povabljene vse LGBTIQ+ osebe v Sloveniji. V raziskavi je sodelovalo 113 LGBTIQ+ oseb. Avtor: Linn Julian KoletnikStatisti\u010dna analiza: Ajda Kova\u010dIlustracije: Nuka Horvat Oblikovanje: RumenaPikaLektura: Toma\u017e Podbev\u0161ek in Branislava Vi\u010dar Produkcija: Zavod TransAkcijaLeto izida: 2019Finan\u010dna [&hellip;]<\/p>\n","protected":false},"author":2,"featured_media":0,"parent":0,"menu_order":0,"comment_status":"closed","ping_status":"closed","template":"","meta":{"footnotes":""},"class_list":["post-1377","page","type-page","status-publish","hentry"],"_links":{"self":[{"href":"https:\/\/transakcija.si\/translovenija\/wp-json\/wp\/v2\/pages\/1377","targetHints":{"allow":["GET"]}}],"collection":[{"href":"https:\/\/transakcija.si\/translovenija\/wp-json\/wp\/v2\/pages"}],"about":[{"href":"https:\/\/transakcija.si\/translovenija\/wp-json\/wp\/v2\/types\/page"}],"author":[{"embeddable":true,"href":"https:\/\/transakcija.si\/translovenija\/wp-json\/wp\/v2\/users\/2"}],"replies":[{"embeddable":true,"href":"https:\/\/transakcija.si\/translovenija\/wp-json\/wp\/v2\/comments?post=1377"}],"version-history":[{"count":3,"href":"https:\/\/transakcija.si\/translovenija\/wp-json\/wp\/v2\/pages\/1377\/revisions"}],"predecessor-version":[{"id":2430,"href":"https:\/\/transakcija.si\/translovenija\/wp-json\/wp\/v2\/pages\/1377\/revisions\/2430"}],"wp:attachment":[{"href":"https:\/\/transakcija.si\/translovenija\/wp-json\/wp\/v2\/media?parent=1377"}],"curies":[{"name":"wp","href":"https:\/\/api.w.org\/{rel}","templated":true}]}}