{"id":1405,"date":"2024-07-05T13:32:05","date_gmt":"2024-07-05T11:32:05","guid":{"rendered":"https:\/\/translovenia.com\/?page_id=1405"},"modified":"2024-10-05T13:47:41","modified_gmt":"2024-10-05T13:47:41","slug":"smernice-pravno-priznanje-spola","status":"publish","type":"page","link":"https:\/\/transakcija.si\/translovenija\/smernice-pravno-priznanje-spola\/","title":{"rendered":"#smernice &#8220;Pravno priznanje spola v Sloveniji&#8221;"},"content":{"rendered":"\n<div class=\"wp-block-group alignfull has-global-padding is-content-justification-center is-layout-constrained wp-container-core-group-is-layout-888b3e69 wp-block-group-is-layout-constrained\" style=\"margin-top:0;margin-bottom:0;padding-top:calc( 0.5 * var(u002du002dwpu002du002dstyleu002du002drootu002du002dpadding-right, var(u002du002dwpu002du002dcustomu002du002dgapu002du002dhorizontal)));padding-right:var(u002du002dwpu002du002dstyleu002du002drootu002du002dpadding-right, var(u002du002dwpu002du002dcustomu002du002dgapu002du002dhorizontal));padding-bottom:calc( 0.5 * var(u002du002dwpu002du002dstyleu002du002drootu002du002dpadding-right, var(u002du002dwpu002du002dcustomu002du002dgapu002du002dhorizontal)));padding-left:var(u002du002dwpu002du002dstyleu002du002drootu002du002dpadding-left, var(u002du002dwpu002du002dcustomu002du002dgapu002du002dhorizontal))\">\n<div style=\"height:calc( 0.25 * var(u002du002dwpu002du002dstyleu002du002drootu002du002dpadding-right, var(u002du002dwpu002du002dcustomu002du002dgapu002du002dhorizontal)))\" aria-hidden=\"true\" class=\"wp-block-spacer\"><\/div>\n\n\n\n<div class=\"wp-block-columns alignwide is-layout-flex wp-container-core-columns-is-layout-28f84493 wp-block-columns-is-layout-flex\">\n<div class=\"wp-block-column is-layout-flow wp-block-column-is-layout-flow\">\n<div style=\"height:23px\" aria-hidden=\"true\" class=\"wp-block-spacer\"><\/div>\n\n\n\n<div class=\"wp-block-columns is-layout-flex wp-container-core-columns-is-layout-28f84493 wp-block-columns-is-layout-flex\">\n<div class=\"wp-block-column is-layout-flow wp-block-column-is-layout-flow\" style=\"flex-basis:33.33%\">\n<figure class=\"wp-block-image size-large\"><img fetchpriority=\"high\" decoding=\"async\" width=\"728\" height=\"1024\" src=\"https:\/\/transakcija.si\/translovenija\/wp-content\/uploads\/2024\/10\/smernice-pps-728x1024.png\" alt=\"\" class=\"wp-image-2318\" srcset=\"https:\/\/transakcija.si\/translovenija\/wp-content\/uploads\/2024\/10\/smernice-pps-728x1024.png 728w, https:\/\/transakcija.si\/translovenija\/wp-content\/uploads\/2024\/10\/smernice-pps-213x300.png 213w, https:\/\/transakcija.si\/translovenija\/wp-content\/uploads\/2024\/10\/smernice-pps-768x1081.png 768w, https:\/\/transakcija.si\/translovenija\/wp-content\/uploads\/2024\/10\/smernice-pps.png 995w\" sizes=\"(max-width: 728px) 100vw, 728px\" \/><\/figure>\n<\/div>\n\n\n\n<div class=\"wp-block-column is-layout-flow wp-block-column-is-layout-flow\" style=\"flex-basis:66.66%\">\n<p>Smernice za uresni\u010devanje spo\u0161tovanja \u010dlovekovih pravic transspolnih in cisspolno nenormativnih oseb so nastale kot del projekta \u201cDIKE&#8221; za opolnomo\u010denje LGBT oseb, odpravljanje sistemske diskriminacije ter krepitev aktivnega dr\u017eavljanstva, vladavine prava, demokracije in socialne pravi\u010dnosti.<\/p>\n\n\n\n<p><strong>Avtorji_ce:<\/strong> Linn Julian Koletnik, Evan Grm in Eva Gra\u010danin<br><strong>Urednik:<\/strong> Simon Maljevac<br><strong>Oblikovanje:<\/strong> Jan Vasilijevi\u0107<br><strong>Lektura:<\/strong> Ana Marija Sobo\u010dan<br><br><strong>Produkcija: <\/strong>Dru\u0161tvo Legebitra, Zavod TransAkcija<br><strong>Leto izida: <\/strong>2016<br><strong>Finan\u010dna podpora: <\/strong>EGP 2009\u20132014<\/p>\n\n\n\n<div class=\"wp-block-buttons is-layout-flex wp-block-buttons-is-layout-flex\">\n<div class=\"wp-block-button\"><a class=\"wp-block-button__link wp-element-button\" href=\"https:\/\/transakcija.si\/translovenija\/wp-content\/uploads\/2024\/10\/clanek_2016_pravno-priznanje-spola-v-sloveniji.pdf\">PREBERI SMERNICE<\/a><\/div>\n<\/div>\n\n\n\n<div style=\"height:100px\" aria-hidden=\"true\" class=\"wp-block-spacer\"><\/div>\n<\/div>\n<\/div>\n<\/div>\n<\/div>\n<\/div>\n","protected":false},"excerpt":{"rendered":"<p>Smernice za uresni\u010devanje spo\u0161tovanja \u010dlovekovih pravic transspolnih in cisspolno nenormativnih oseb so nastale kot del projekta \u201cDIKE&#8221; za opolnomo\u010denje LGBT oseb, odpravljanje sistemske diskriminacije ter krepitev aktivnega dr\u017eavljanstva, vladavine prava, demokracije in socialne pravi\u010dnosti. Avtorji_ce: Linn Julian Koletnik, Evan Grm in Eva Gra\u010daninUrednik: Simon MaljevacOblikovanje: Jan Vasilijevi\u0107Lektura: Ana Marija Sobo\u010dan Produkcija: Dru\u0161tvo Legebitra, Zavod TransAkcijaLeto [&hellip;]<\/p>\n","protected":false},"author":2,"featured_media":0,"parent":0,"menu_order":0,"comment_status":"closed","ping_status":"closed","template":"","meta":{"footnotes":""},"class_list":["post-1405","page","type-page","status-publish","hentry"],"_links":{"self":[{"href":"https:\/\/transakcija.si\/translovenija\/wp-json\/wp\/v2\/pages\/1405","targetHints":{"allow":["GET"]}}],"collection":[{"href":"https:\/\/transakcija.si\/translovenija\/wp-json\/wp\/v2\/pages"}],"about":[{"href":"https:\/\/transakcija.si\/translovenija\/wp-json\/wp\/v2\/types\/page"}],"author":[{"embeddable":true,"href":"https:\/\/transakcija.si\/translovenija\/wp-json\/wp\/v2\/users\/2"}],"replies":[{"embeddable":true,"href":"https:\/\/transakcija.si\/translovenija\/wp-json\/wp\/v2\/comments?post=1405"}],"version-history":[{"count":3,"href":"https:\/\/transakcija.si\/translovenija\/wp-json\/wp\/v2\/pages\/1405\/revisions"}],"predecessor-version":[{"id":2438,"href":"https:\/\/transakcija.si\/translovenija\/wp-json\/wp\/v2\/pages\/1405\/revisions\/2438"}],"wp:attachment":[{"href":"https:\/\/transakcija.si\/translovenija\/wp-json\/wp\/v2\/media?parent=1405"}],"curies":[{"name":"wp","href":"https:\/\/api.w.org\/{rel}","templated":true}]}}