{"id":2177,"date":"2024-10-01T22:40:26","date_gmt":"2024-10-01T22:40:26","guid":{"rendered":"https:\/\/transakcija.si\/translovenija\/?page_id=2177"},"modified":"2024-10-16T10:31:21","modified_gmt":"2024-10-16T09:31:21","slug":"transmisija","status":"publish","type":"page","link":"https:\/\/transakcija.si\/translovenija\/transmisija\/","title":{"rendered":"#transmisija"},"content":{"rendered":"\n<div class=\"wp-block-columns alignwide is-layout-flex wp-container-core-columns-is-layout-28f84493 wp-block-columns-is-layout-flex\">\n<div class=\"wp-block-column is-layout-flow wp-block-column-is-layout-flow\">\n<figure class=\"wp-block-image size-full\"><img fetchpriority=\"high\" decoding=\"async\" width=\"7882\" height=\"5328\" src=\"https:\/\/transakcija.si\/translovenija\/wp-content\/uploads\/2024\/06\/y.png\" alt=\"\" class=\"wp-image-1306\" srcset=\"https:\/\/transakcija.si\/translovenija\/wp-content\/uploads\/2024\/06\/y.png 7882w, https:\/\/transakcija.si\/translovenija\/wp-content\/uploads\/2024\/06\/y-300x203.png 300w, https:\/\/transakcija.si\/translovenija\/wp-content\/uploads\/2024\/06\/y-1024x692.png 1024w, https:\/\/transakcija.si\/translovenija\/wp-content\/uploads\/2024\/06\/y-768x519.png 768w, https:\/\/transakcija.si\/translovenija\/wp-content\/uploads\/2024\/06\/y-1536x1038.png 1536w, https:\/\/transakcija.si\/translovenija\/wp-content\/uploads\/2024\/06\/y-2048x1384.png 2048w\" sizes=\"(max-width: 7882px) 100vw, 7882px\" \/><\/figure>\n\n\n\n<p><strong>#transmisija<\/strong>&nbsp;je strokovni seminar na temo spola, ki od leta 2014 poteka vsako leto novembra v okviru festivala spolne raznolikosti&nbsp;<a href=\"https:\/\/transakcija.si\/translovenija\/transformacije\/\" data-type=\"page\" data-id=\"2182\"><strong>#transformacije<\/strong><\/a>.<\/p>\n\n\n\n<p>#transmisija je kot sre\u010danje trans aktivistk z odlo\u010devalci, predstavnicami javnih institucij in drugih strokovnih javnosti namenjena osvetlitvi polo\u017eaja spolno raznolikih oseb v Sloveniji, ve\u010danju prizadevanj za interdisciplinarno sodelovanje v podro\u010dju trans pravic in dvig sprejetosti, vklju\u010denosti in enakopravne obravnave trans in spolno raznolikih oseb v Sloveniji.<\/p>\n\n\n\n<div class=\"wp-block-media-text is-stacked-on-mobile has-quaternary-background-color has-background\" style=\"grid-template-columns:26% auto\"><figure class=\"wp-block-media-text__media\"><img decoding=\"async\" width=\"640\" height=\"400\" src=\"https:\/\/transakcija.si\/translovenija\/wp-content\/uploads\/2024\/10\/e2.png\" alt=\"\" class=\"wp-image-2570 size-full\" srcset=\"https:\/\/transakcija.si\/translovenija\/wp-content\/uploads\/2024\/10\/e2.png 640w, https:\/\/transakcija.si\/translovenija\/wp-content\/uploads\/2024\/10\/e2-300x188.png 300w\" sizes=\"(max-width: 640px) 100vw, 640px\" \/><\/figure><div class=\"wp-block-media-text__content\">\n<p><strong>&#8220;Na radarju&#8221;<\/strong><br><em>trans_misija XI<\/em><\/p>\n\n\n\n<p>19. 11. 2024<\/p>\n\n\n\n<p><em>Ve\u010d kmalu!<\/em><\/p>\n<\/div><\/div>\n\n\n\n<h4 class=\"wp-block-heading\">Arhiv preteklih #transmisij<\/h4>\n\n\n\n<ul class=\"wp-block-list\">\n<li><a href=\"https:\/\/www.facebook.com\/events\/704988618008849\/\"><strong>TransMisija X<\/strong>\u00a02023<\/a><\/li>\n\n\n\n<li><a href=\"https:\/\/www.facebook.com\/events\/3477444482533780\/\"><strong>Depatologizirajte nas\u00a0<\/strong>2022<\/a><\/li>\n\n\n\n<li><a href=\"https:\/\/www.facebook.com\/events\/402380141555226\/\"><strong>Skupnosti\u00a0<\/strong>2021<\/a><\/li>\n\n\n\n<li><a href=\"https:\/\/www.facebook.com\/events\/2759145864296767\/?ref=newsfeed\"><strong>Upor\u00a0<\/strong>2020<\/a><\/li>\n\n\n\n<li><a href=\"https:\/\/www.facebook.com\/events\/424641401569331\"><strong>Naredi sam_a\u00a0<\/strong>2019<\/a><\/li>\n\n\n\n<li><a href=\"https:\/\/www.youtube.com\/watch?v=T46WB3_SOTM\"><strong>Dovolj \u010dakanja\u00a0<\/strong>2018<\/a><\/li>\n\n\n\n<li><a href=\"https:\/\/www.youtube.com\/watch?v=Jdi6553kTkc\"><strong>Samoidentifikacija\u00a0<\/strong>2017<\/a><\/li>\n\n\n\n<li><strong>TransMisija I-III <\/strong>2014-2016<\/li>\n<\/ul>\n\n\n\n<div class=\"wp-block-buttons is-layout-flex wp-block-buttons-is-layout-flex\">\n<div class=\"wp-block-button\"><a class=\"wp-block-button__link wp-element-button\" href=\"https:\/\/transakcija.si\/translovenija\/transformacije\/\">Festival spolne raznolikosti <strong>#transformacije<\/strong><\/a><\/div>\n<\/div>\n<\/div>\n<\/div>\n","protected":false},"excerpt":{"rendered":"<p>#transmisija&nbsp;je strokovni seminar na temo spola, ki od leta 2014 poteka vsako leto novembra v okviru festivala spolne raznolikosti&nbsp;#transformacije. #transmisija je kot sre\u010danje trans aktivistk z odlo\u010devalci, predstavnicami javnih institucij in drugih strokovnih javnosti namenjena osvetlitvi polo\u017eaja spolno raznolikih oseb v Sloveniji, ve\u010danju prizadevanj za interdisciplinarno sodelovanje v podro\u010dju trans pravic in dvig sprejetosti, vklju\u010denosti [&hellip;]<\/p>\n","protected":false},"author":2,"featured_media":0,"parent":0,"menu_order":0,"comment_status":"closed","ping_status":"closed","template":"","meta":{"footnotes":""},"class_list":["post-2177","page","type-page","status-publish","hentry"],"_links":{"self":[{"href":"https:\/\/transakcija.si\/translovenija\/wp-json\/wp\/v2\/pages\/2177","targetHints":{"allow":["GET"]}}],"collection":[{"href":"https:\/\/transakcija.si\/translovenija\/wp-json\/wp\/v2\/pages"}],"about":[{"href":"https:\/\/transakcija.si\/translovenija\/wp-json\/wp\/v2\/types\/page"}],"author":[{"embeddable":true,"href":"https:\/\/transakcija.si\/translovenija\/wp-json\/wp\/v2\/users\/2"}],"replies":[{"embeddable":true,"href":"https:\/\/transakcija.si\/translovenija\/wp-json\/wp\/v2\/comments?post=2177"}],"version-history":[{"count":12,"href":"https:\/\/transakcija.si\/translovenija\/wp-json\/wp\/v2\/pages\/2177\/revisions"}],"predecessor-version":[{"id":2640,"href":"https:\/\/transakcija.si\/translovenija\/wp-json\/wp\/v2\/pages\/2177\/revisions\/2640"}],"wp:attachment":[{"href":"https:\/\/transakcija.si\/translovenija\/wp-json\/wp\/v2\/media?parent=2177"}],"curies":[{"name":"wp","href":"https:\/\/api.w.org\/{rel}","templated":true}]}}